CRAN Package Check Results for Package distance.sample.size

Last updated on 2022-01-18 22:47:21 CET.

Flavor Version Tinstall Tcheck Ttotal Status Flags
r-devel-linux-x86_64-debian-clang 0.0 1.84 30.36 32.20 NOTE
r-devel-linux-x86_64-debian-gcc 0.0 1.52 24.72 26.24 NOTE
r-devel-linux-x86_64-fedora-clang 0.0 40.51 NOTE
r-devel-linux-x86_64-fedora-gcc 0.0 28.97 NOTE
r-devel-windows-x86_64-new-UL 0.0 51.00 58.00 109.00 NOTE
r-devel-windows-x86_64-new-TK 0.0 NOTE
r-patched-linux-x86_64 0.0 1.78 29.35 31.13 NOTE
r-release-linux-x86_64 0.0 NOTE
r-release-macos-arm64 0.0 NOTE
r-release-macos-x86_64 0.0 NOTE
r-release-windows-ix86+x86_64 0.0 4.00 39.00 43.00 NOTE
r-oldrel-macos-x86_64 0.0 OK
r-oldrel-windows-ix86+x86_64 0.0 4.00 37.00 41.00 OK

Check Details

Version: 0.0
Check: LazyData
Result: NOTE
     'LazyData' is specified without a 'data' directory
Flavors: r-devel-linux-x86_64-debian-clang, r-devel-linux-x86_64-debian-gcc, r-devel-linux-x86_64-fedora-clang, r-devel-linux-x86_64-fedora-gcc, r-devel-windows-x86_64-new-UL, r-devel-windows-x86_64-new-TK, r-patched-linux-x86_64, r-release-linux-x86_64, r-release-macos-arm64, r-release-macos-x86_64, r-release-windows-ix86+x86_64