CRAN Package Check Results for Package distrMod

Last updated on 2023-05-29 23:03:43 CEST.

Flavor Version Tinstall Tcheck Ttotal Status Flags
r-devel-linux-x86_64-debian-clang 2.9.0 42.67 223.67 266.34 OK
r-devel-linux-x86_64-debian-gcc 2.9.0 40.95 167.21 208.16 OK
r-devel-linux-x86_64-fedora-clang 2.9.0 342.62 NOTE
r-devel-linux-x86_64-fedora-gcc 2.9.0 344.82 OK
r-devel-windows-x86_64 2.9.0 42.00 226.00 268.00 OK
r-patched-linux-x86_64 2.9.0 46.67 212.54 259.21 OK
r-release-linux-x86_64 2.9.0 43.72 214.22 257.94 OK
r-release-macos-arm64 2.9.0 106.00 OK
r-release-macos-x86_64 2.9.0 183.00 OK
r-release-windows-x86_64 2.9.0 54.00 272.00 326.00 OK
r-oldrel-macos-arm64 2.9.0 103.00 OK
r-oldrel-macos-x86_64 2.9.0 117.00 OK
r-oldrel-windows-x86_64 2.9.0 58.00 262.00 320.00 OK

Check Details

Version: 2.9.0
Check: Rd cross-references
Result: NOTE
    Undeclared package ‘RobAStBase’ in Rd xrefs
Flavor: r-devel-linux-x86_64-fedora-clang