CRAN Package Check Results for Package diveR

Last updated on 2022-01-28 23:00:32 CET.

Flavor Version Tinstall Tcheck Ttotal Status Flags
r-devel-linux-x86_64-debian-clang 0.1.2 8.92 98.10 107.02 OK
r-devel-linux-x86_64-debian-gcc 0.1.2 6.53 74.23 80.76 OK
r-devel-linux-x86_64-fedora-clang 0.1.2 113.36 NOTE
r-devel-linux-x86_64-fedora-gcc 0.1.2 115.89 NOTE
r-devel-windows-x86_64-new-UL 0.1.2 24.00 104.00 128.00 OK
r-devel-windows-x86_64-new-TK 0.1.2 NOTE
r-patched-linux-x86_64 0.1.2 6.87 81.45 88.32 OK
r-release-linux-x86_64 0.1.2 5.10 82.29 87.39 OK
r-release-macos-arm64 0.1.2 NOTE
r-release-macos-x86_64 0.1.2 NOTE
r-release-windows-ix86+x86_64 0.1.2 22.00 91.00 113.00 OK
r-oldrel-macos-x86_64 0.1.2 NOTE
r-oldrel-windows-ix86+x86_64 0.1.2 22.00 94.00 116.00 OK

Check Details

Version: 0.1.2
Check: dependencies in R code
Result: NOTE
    Namespaces in Imports field not imported from:
     ‘ggmulti’ ‘loon’ ‘loon.data’ ‘loon.ggplot’ ‘loon.shiny’ ‘loon.tourr’
     ‘stats’ ‘zenplots’
     All declared Imports should be used.
Flavors: r-devel-linux-x86_64-fedora-clang, r-devel-linux-x86_64-fedora-gcc, r-devel-windows-x86_64-new-TK, r-release-macos-arm64, r-release-macos-x86_64, r-oldrel-macos-x86_64