CRAN Package Check Results for Package doRNG

Last updated on 2022-01-20 22:54:00 CET.

Flavor Version Tinstall Tcheck Ttotal Status Flags
r-devel-linux-x86_64-debian-clang 1.8.2 NOTE
r-devel-linux-x86_64-debian-gcc 1.8.2 1.90 45.31 47.21 NOTE
r-devel-linux-x86_64-fedora-clang 1.8.2 109.31 NOTE
r-devel-linux-x86_64-fedora-gcc 1.8.2 97.37 OK
r-devel-windows-x86_64-new-UL 1.8.2 20.00 122.00 142.00 OK
r-devel-windows-x86_64-new-TK 1.8.2 OK
r-patched-linux-x86_64 1.8.2 3.90 55.85 59.75 NOTE
r-release-linux-x86_64 1.8.2 2.00 55.54 57.54 NOTE
r-release-macos-arm64 1.8.2 NOTE
r-release-macos-x86_64 1.8.2 NOTE
r-release-windows-ix86+x86_64 1.8.2 7.00 93.00 100.00 OK
r-oldrel-macos-x86_64 1.8.2 NOTE
r-oldrel-windows-ix86+x86_64 1.8.2 7.00 93.00 100.00 OK

Check Details

Version: 1.8.2
Check: package dependencies
Result: NOTE
    Suggests orphaned package: 'bibtex'
Flavors: r-devel-linux-x86_64-debian-clang, r-devel-linux-x86_64-debian-gcc, r-devel-linux-x86_64-fedora-clang, r-patched-linux-x86_64, r-release-linux-x86_64

Version: 1.8.2
Check: package dependencies
Result: NOTE
    Packages suggested but not available for checking: 'doMPI', 'doRedis'
Flavors: r-release-macos-arm64, r-release-macos-x86_64

Version: 1.8.2
Check: Rd cross-references
Result: NOTE
    Package unavailable to check Rd xrefs: ‘doMPI’
Flavors: r-release-macos-arm64, r-release-macos-x86_64, r-oldrel-macos-x86_64

Version: 1.8.2
Check: package dependencies
Result: NOTE
    Package suggested but not available for checking: ‘doMPI’
Flavor: r-oldrel-macos-x86_64