CRAN Package Check Results for Package dotgen

Last updated on 2021-12-08 22:57:34 CET.

Flavor Version Tinstall Tcheck Ttotal Status Flags
r-devel-linux-x86_64-debian-clang 0.1.0 2.50 31.93 34.43 NOTE
r-devel-linux-x86_64-debian-gcc 0.1.0 1.57 24.75 26.32 NOTE
r-devel-linux-x86_64-fedora-clang 0.1.0 41.49 NOTE
r-devel-linux-x86_64-fedora-gcc 0.1.0 30.70 NOTE
r-devel-windows-x86_64-new-UL 0.1.0 7.00 57.00 64.00 NOTE
r-devel-windows-x86_64-new-TK 0.1.0 NOTE
r-devel-windows-x86_64-old 0.1.0 5.00 40.00 45.00 NOTE
r-patched-linux-x86_64 0.1.0 2.34 30.39 32.73 NOTE
r-release-linux-x86_64 0.1.0 2.23 29.71 31.94 NOTE
r-release-macos-arm64 0.1.0 NOTE
r-release-macos-x86_64 0.1.0 NOTE
r-release-windows-ix86+x86_64 0.1.0 4.00 48.00 52.00 NOTE
r-oldrel-macos-x86_64 0.1.0 OK
r-oldrel-windows-ix86+x86_64 0.1.0 5.00 45.00 50.00 OK

Check Details

Version: 0.1.0
Check: LazyData
Result: NOTE
     'LazyData' is specified without a 'data' directory
Flavors: r-devel-linux-x86_64-debian-clang, r-devel-linux-x86_64-debian-gcc, r-devel-linux-x86_64-fedora-clang, r-devel-linux-x86_64-fedora-gcc, r-devel-windows-x86_64-new-UL, r-devel-windows-x86_64-new-TK, r-devel-windows-x86_64-old, r-patched-linux-x86_64, r-release-linux-x86_64, r-release-macos-arm64, r-release-macos-x86_64, r-release-windows-ix86+x86_64