CRAN Package Check Results for Package dr

Last updated on 2021-12-08 22:57:34 CET.

Flavor Version Tinstall Tcheck Ttotal Status Flags
r-devel-linux-x86_64-debian-clang 3.0.10 5.17 72.76 77.93 OK
r-devel-linux-x86_64-debian-gcc 3.0.10 4.28 52.89 57.17 OK
r-devel-linux-x86_64-fedora-clang 3.0.10 93.93 OK
r-devel-linux-x86_64-fedora-gcc 3.0.10 82.84 OK
r-devel-windows-x86_64-new-UL 3.0.10 17.00 105.00 122.00 OK
r-devel-windows-x86_64-new-TK 3.0.10 OK
r-devel-windows-x86_64-old 3.0.10 9.00 86.00 95.00 OK
r-patched-linux-x86_64 3.0.10 4.92 68.55 73.47 OK
r-release-linux-x86_64 3.0.10 4.53 68.40 72.93 OK
r-release-macos-arm64 3.0.10 OK
r-release-macos-x86_64 3.0.10 OK
r-release-windows-ix86+x86_64 3.0.10 7.00 85.00 92.00 OK
r-oldrel-macos-x86_64 3.0.10 FAIL
r-oldrel-windows-ix86+x86_64 3.0.10 10.00 85.00 95.00 OK

Check Details

Version: 3.0.10
Check: PDF version of manual
Result: FAIL
Flavor: r-oldrel-macos-x86_64