CRAN Package Check Results for Package drawsample

Last updated on 2021-12-05 22:48:50 CET.

Flavor Version Tinstall Tcheck Ttotal Status Flags
r-devel-linux-x86_64-debian-clang 1.0.0 12.94 117.09 130.03 OK
r-devel-linux-x86_64-debian-gcc 1.0.0 9.62 87.81 97.43 OK
r-devel-linux-x86_64-fedora-clang 1.0.0 154.66 NOTE
r-devel-linux-x86_64-fedora-gcc 1.0.0 144.65 NOTE
r-devel-windows-x86_64-new-UL 1.0.0 19.00 136.00 155.00 OK
r-devel-windows-x86_64-new-TK 1.0.0 NOTE
r-devel-windows-x86_64-old 1.0.0 16.00 88.00 104.00 OK
r-patched-linux-x86_64 1.0.0 12.21 103.06 115.27 OK
r-release-linux-x86_64 1.0.0 12.99 110.32 123.31 OK
r-release-macos-arm64 1.0.0 NOTE
r-release-macos-x86_64 1.0.0 NOTE
r-release-windows-ix86+x86_64 1.0.0 24.00 118.00 142.00 OK
r-oldrel-macos-x86_64 1.0.0 NOTE
r-oldrel-windows-ix86+x86_64 1.0.0 23.00 114.00 137.00 OK

Check Details

Version: 1.0.0
Check: dependencies in R code
Result: NOTE
    Namespaces in Imports field not imported from:
     ‘magrittr’ ‘purrr’ ‘rlang’
     All declared Imports should be used.
Flavors: r-devel-linux-x86_64-fedora-clang, r-devel-linux-x86_64-fedora-gcc, r-devel-windows-x86_64-new-TK, r-release-macos-arm64, r-release-macos-x86_64, r-oldrel-macos-x86_64

Version: 1.0.0
Check: Rd cross-references
Result: NOTE
    Undeclared package ‘SimMultiCorrData’ in Rd xrefs
Flavor: r-devel-linux-x86_64-fedora-clang