CRAN Package Check Results for Package drcSeedGerm

Last updated on 2024-02-21 23:11:27 CET.

Flavor Version Tinstall Tcheck Ttotal Status Flags
r-devel-linux-x86_64-debian-clang 1.0.1 NOTE
r-devel-linux-x86_64-debian-gcc 1.0.1 14.84 105.67 120.51 NOTE
r-devel-linux-x86_64-fedora-clang 1.0.1 199.66 OK
r-devel-linux-x86_64-fedora-gcc 1.0.1 190.84 OK
r-devel-windows-x86_64 1.0.1 17.00 118.00 135.00 OK
r-patched-linux-x86_64 1.0.1 20.11 137.44 157.55 OK
r-release-linux-x86_64 1.0.1 19.29 137.11 156.40 OK
r-release-macos-arm64 1.0.1 52.00 OK
r-release-macos-x86_64 1.0.1 79.00 OK
r-release-windows-x86_64 1.0.1 24.00 145.00 169.00 OK
r-oldrel-macos-arm64 1.0.1 47.00 OK
r-oldrel-windows-x86_64 1.0.1 24.00 148.00 172.00 OK

Check Details

Version: 1.0.1
Check: Rd files
Result: NOTE checkRd: (-1) excalibur.Rd:18: Lost braces; missing escapes or markup? 18 | \item{\code{GR}}{a numeric vector: germination rates in d^{-1}} | ^ checkRd: (-1) festuca.Rd:16: Lost braces; missing escapes or markup? 16 | \item{\code{GR}}{a numeric vector: germination rates in d^{-1}} | ^ Flavors: r-devel-linux-x86_64-debian-clang, r-devel-linux-x86_64-debian-gcc