CRAN Package Check Results for Package dreamerr

Last updated on 2022-01-17 22:54:35 CET.

Flavor Version Tinstall Tcheck Ttotal Status Flags
r-devel-linux-x86_64-debian-clang 1.2.3 6.14 52.81 58.95 NOTE
r-devel-linux-x86_64-debian-gcc 1.2.3 6.82 40.38 47.20 NOTE
r-devel-linux-x86_64-fedora-clang 1.2.3 75.57 NOTE
r-devel-linux-x86_64-fedora-gcc 1.2.3 64.24 NOTE
r-devel-windows-x86_64-new-UL 1.2.3 48.00 73.00 121.00 NOTE
r-devel-windows-x86_64-new-TK 1.2.3 NOTE
r-patched-linux-x86_64 1.2.3 7.73 50.80 58.53 NOTE
r-release-linux-x86_64 1.2.3 NOTE
r-release-macos-arm64 1.2.3 NOTE
r-release-macos-x86_64 1.2.3 NOTE
r-release-windows-ix86+x86_64 1.2.3 12.00 79.00 91.00 NOTE
r-oldrel-macos-x86_64 1.2.3 OK
r-oldrel-windows-ix86+x86_64 1.2.3 13.00 61.00 74.00 OK

Check Details

Version: 1.2.3
Check: LazyData
Result: NOTE
     'LazyData' is specified without a 'data' directory
Flavors: r-devel-linux-x86_64-debian-clang, r-devel-linux-x86_64-debian-gcc, r-devel-linux-x86_64-fedora-clang, r-devel-linux-x86_64-fedora-gcc, r-devel-windows-x86_64-new-UL, r-devel-windows-x86_64-new-TK, r-patched-linux-x86_64, r-release-linux-x86_64, r-release-macos-arm64, r-release-macos-x86_64, r-release-windows-ix86+x86_64