CRAN Package Check Results for Package dundermifflin

Last updated on 2022-05-17 22:51:25 CEST.

Flavor Version Tinstall Tcheck Ttotal Status Flags
r-devel-linux-x86_64-debian-clang 0.1.1 3.38 32.42 35.80 OK
r-devel-linux-x86_64-debian-gcc 0.1.1 2.94 25.53 28.47 OK
r-devel-linux-x86_64-fedora-clang 0.1.1 44.39 NOTE
r-devel-linux-x86_64-fedora-gcc 0.1.1 43.07 NOTE
r-devel-windows-x86_64 0.1.1 29.00 55.00 84.00 OK
r-patched-linux-x86_64 0.1.1 3.49 31.20 34.69 OK
r-release-linux-x86_64 0.1.1 3.64 31.95 35.59 OK
r-release-macos-arm64 0.1.1 15.00 NOTE
r-release-macos-x86_64 0.1.1 23.00 NOTE
r-release-windows-x86_64 0.1.1 44.00 48.00 92.00 OK
r-oldrel-macos-arm64 0.1.1 19.00 NOTE
r-oldrel-macos-x86_64 0.1.1 28.00 NOTE
r-oldrel-windows-ix86+x86_64 0.1.1 8.00 40.00 48.00 OK

Check Details

Version: 0.1.1
Check: data for non-ASCII characters
Result: NOTE
     Note: found 2854 marked UTF-8 strings
Flavors: r-devel-linux-x86_64-fedora-clang, r-devel-linux-x86_64-fedora-gcc, r-release-macos-arm64, r-release-macos-x86_64, r-oldrel-macos-arm64, r-oldrel-macos-x86_64