CRAN Package Check Results for Package dupree

Last updated on 2022-01-25 22:56:54 CET.

Flavor Version Tinstall Tcheck Ttotal Status Flags
r-devel-linux-x86_64-debian-clang 0.3.0 6.11 64.14 70.25 NOTE
r-devel-linux-x86_64-debian-gcc 0.3.0 4.75 46.87 51.62 NOTE
r-devel-linux-x86_64-fedora-clang 0.3.0 79.98 NOTE
r-devel-linux-x86_64-fedora-gcc 0.3.0 74.95 NOTE
r-devel-windows-x86_64-new-UL 0.3.0 36.00 80.00 116.00 NOTE
r-devel-windows-x86_64-new-TK 0.3.0 NOTE
r-patched-linux-x86_64 0.3.0 4.37 55.69 60.06 NOTE
r-release-linux-x86_64 0.3.0 3.37 55.98 59.35 NOTE
r-release-macos-arm64 0.3.0 NOTE
r-release-macos-x86_64 0.3.0 NOTE
r-release-windows-ix86+x86_64 0.3.0 15.00 68.00 83.00 NOTE
r-oldrel-macos-x86_64 0.3.0 OK
r-oldrel-windows-ix86+x86_64 0.3.0 15.00 72.00 87.00 OK

Check Details

Version: 0.3.0
Check: LazyData
Result: NOTE
     'LazyData' is specified without a 'data' directory
Flavors: r-devel-linux-x86_64-debian-clang, r-devel-linux-x86_64-debian-gcc, r-devel-linux-x86_64-fedora-clang, r-devel-linux-x86_64-fedora-gcc, r-devel-windows-x86_64-new-UL, r-devel-windows-x86_64-new-TK, r-patched-linux-x86_64, r-release-linux-x86_64, r-release-macos-arm64, r-release-macos-x86_64, r-release-windows-ix86+x86_64