CRAN Package Check Results for Package dynamite

Last updated on 2024-02-27 23:08:11 CET.

Flavor Version Tinstall Tcheck Ttotal Status Flags
r-devel-linux-x86_64-debian-clang 1.4.9 53.94 299.66 353.60 NOTE
r-devel-linux-x86_64-debian-gcc 1.4.9 51.09 225.38 276.47 NOTE
r-devel-linux-x86_64-fedora-clang 1.4.9 450.03 NOTE
r-devel-linux-x86_64-fedora-gcc 1.4.9 434.87 NOTE
r-devel-windows-x86_64 1.4.9 50.00 242.00 292.00 NOTE
r-patched-linux-x86_64 1.4.9 47.36 291.00 338.36 NOTE
r-release-linux-x86_64 1.4.9 48.58 292.74 341.32 NOTE
r-release-macos-arm64 1.4.9 136.00 NOTE
r-release-macos-x86_64 1.4.9 278.00 NOTE
r-release-windows-x86_64 1.4.9 59.00 305.00 364.00 NOTE
r-oldrel-macos-arm64 1.4.9 171.00 NOTE
r-oldrel-windows-x86_64 1.4.9 67.00 323.00 390.00 NOTE

Check Details

Version: 1.4.9
Check: package dependencies
Result: NOTE Package suggested but not available for checking: ‘cmdstanr’ Flavors: r-devel-linux-x86_64-debian-clang, r-devel-linux-x86_64-debian-gcc, r-devel-linux-x86_64-fedora-clang, r-devel-linux-x86_64-fedora-gcc, r-devel-windows-x86_64, r-patched-linux-x86_64, r-release-linux-x86_64, r-release-macos-arm64, r-release-macos-x86_64, r-release-windows-x86_64, r-oldrel-macos-arm64, r-oldrel-windows-x86_64

Version: 1.4.9
Check: Rd cross-references
Result: NOTE Package unavailable to check Rd xrefs: ‘cmdstanr’ Flavors: r-devel-linux-x86_64-debian-clang, r-devel-linux-x86_64-debian-gcc, r-devel-linux-x86_64-fedora-clang, r-devel-linux-x86_64-fedora-gcc, r-devel-windows-x86_64, r-patched-linux-x86_64, r-release-linux-x86_64, r-release-macos-arm64, r-release-macos-x86_64, r-release-windows-x86_64, r-oldrel-macos-arm64, r-oldrel-windows-x86_64

Version: 1.4.9
Check: installed package size
Result: NOTE installed size is 13.4Mb sub-directories of 1Mb or more: R 3.5Mb data 9.0Mb Flavors: r-devel-linux-x86_64-fedora-clang, r-devel-windows-x86_64, r-release-macos-arm64, r-release-macos-x86_64, r-release-windows-x86_64, r-oldrel-macos-arm64, r-oldrel-windows-x86_64