CRAN Package Check Results for Package dyndimred

Last updated on 2021-12-07 22:59:28 CET.

Flavor Version Tinstall Tcheck Ttotal Status Flags
r-devel-linux-x86_64-debian-clang 1.0.4 10.68 166.41 177.09 NOTE
r-devel-linux-x86_64-debian-gcc 1.0.4 7.59 127.71 135.30 NOTE
r-devel-linux-x86_64-fedora-clang 1.0.4 214.66 NOTE
r-devel-linux-x86_64-fedora-gcc 1.0.4 208.93 NOTE
r-devel-windows-x86_64-new-UL 1.0.4 18.00 214.00 232.00 NOTE
r-devel-windows-x86_64-new-TK 1.0.4 NOTE
r-devel-windows-x86_64-old 1.0.4 16.00 212.00 228.00 NOTE
r-patched-linux-x86_64 1.0.4 9.41 160.03 169.44 NOTE
r-release-linux-x86_64 1.0.4 8.96 159.55 168.51 NOTE
r-release-macos-arm64 1.0.4 NOTE
r-release-macos-x86_64 1.0.4 NOTE
r-release-windows-ix86+x86_64 1.0.4 17.00 196.00 213.00 NOTE
r-oldrel-macos-x86_64 1.0.4 OK
r-oldrel-windows-ix86+x86_64 1.0.4 23.00 200.00 223.00 OK

Check Details

Version: 1.0.4
Check: LazyData
Result: NOTE
     'LazyData' is specified without a 'data' directory
Flavors: r-devel-linux-x86_64-debian-clang, r-devel-linux-x86_64-debian-gcc, r-devel-linux-x86_64-fedora-clang, r-devel-linux-x86_64-fedora-gcc, r-devel-windows-x86_64-new-UL, r-devel-windows-x86_64-new-TK, r-devel-windows-x86_64-old, r-patched-linux-x86_64, r-release-linux-x86_64, r-release-macos-arm64, r-release-macos-x86_64, r-release-windows-ix86+x86_64