CRAN Package Check Results for Package dynpred

Last updated on 2021-12-06 21:51:12 CET.

Flavor Version Tinstall Tcheck Ttotal Status Flags
r-devel-linux-x86_64-debian-clang 0.1.2 9.64 93.18 102.82 OK
r-devel-linux-x86_64-debian-gcc 0.1.2 7.63 70.88 78.51 OK
r-devel-linux-x86_64-fedora-clang 0.1.2 123.96 NOTE
r-devel-linux-x86_64-fedora-gcc 0.1.2 113.53 NOTE
r-devel-windows-x86_64-new-UL 0.1.2 17.00 126.00 143.00 OK
r-devel-windows-x86_64-new-TK 0.1.2 OK
r-devel-windows-x86_64-old 0.1.2 13.00 87.00 100.00 OK
r-patched-linux-x86_64 0.1.2 8.90 82.71 91.61 OK
r-release-linux-x86_64 0.1.2 9.39 89.62 99.01 OK
r-release-macos-arm64 0.1.2 OK
r-release-macos-x86_64 0.1.2 OK
r-release-windows-ix86+x86_64 0.1.2 20.00 158.00 178.00 OK
r-oldrel-macos-x86_64 0.1.2 OK
r-oldrel-windows-ix86+x86_64 0.1.2 20.00 160.00 180.00 OK

Check Details

Version: 0.1.2
Check: compiled code
Result: NOTE
    File ‘dynpred/libs/dynpred.so’:
     Found no calls to: ‘R_registerRoutines’, ‘R_useDynamicSymbols’
    
    It is good practice to register native routines and to disable symbol
    search.
    
    See ‘Writing portable packages’ in the ‘Writing R Extensions’ manual.
Flavors: r-devel-linux-x86_64-fedora-clang, r-devel-linux-x86_64-fedora-gcc