Last updated on 2022-05-21 22:58:12 CEST.
Flavor | Version | Tinstall | Tcheck | Ttotal | Status | Flags |
---|---|---|---|---|---|---|
r-devel-linux-x86_64-debian-clang | 0.4-3 | 48.29 | 119.85 | 168.14 | OK | |
r-devel-linux-x86_64-debian-gcc | 0.4-3 | 34.23 | 87.96 | 122.19 | OK | |
r-devel-linux-x86_64-fedora-clang | 0.4-3 | 213.82 | OK | |||
r-devel-linux-x86_64-fedora-gcc | 0.4-3 | 187.07 | OK | |||
r-devel-windows-x86_64 | 0.4-3 | 47.00 | 154.00 | 201.00 | OK | |
r-patched-linux-x86_64 | 0.4-3 | 33.80 | 110.73 | 144.53 | OK | |
r-release-linux-x86_64 | 0.4-3 | 34.05 | 109.34 | 143.39 | OK | |
r-release-macos-arm64 | 0.4-3 | 53.00 | NOTE | |||
r-release-macos-x86_64 | 0.4-3 | 98.00 | NOTE | |||
r-release-windows-x86_64 | 0.4-3 | 48.00 | 163.00 | 211.00 | OK | |
r-oldrel-macos-arm64 | 0.4-3 | 62.00 | NOTE | |||
r-oldrel-macos-x86_64 | 0.4-3 | 68.00 | NOTE | |||
r-oldrel-windows-ix86+x86_64 | 0.4-3 | 82.00 | 171.00 | 253.00 | OK |
Version: 0.4-3
Check: installed package size
Result: NOTE
installed size is 5.7Mb
sub-directories of 1Mb or more:
libs 5.5Mb
Flavors: r-release-macos-arm64, r-release-macos-x86_64, r-oldrel-macos-arm64, r-oldrel-macos-x86_64