Last updated on 2022-07-04 22:59:10 CEST.
Flavor | Version | Tinstall | Tcheck | Ttotal | Status | Flags |
---|---|---|---|---|---|---|
r-devel-linux-x86_64-debian-clang | 1.0.8 | 2.53 | 39.38 | 41.91 | NOTE | |
r-devel-linux-x86_64-debian-gcc | 1.0.8 | 2.20 | 29.81 | 32.01 | NOTE | |
r-devel-linux-x86_64-fedora-clang | 1.0.8 | 60.76 | NOTE | |||
r-devel-linux-x86_64-fedora-gcc | 1.0.8 | 62.80 | NOTE | |||
r-devel-windows-x86_64 | 1.0.8 | 14.00 | 84.00 | 98.00 | NOTE | |
r-patched-linux-x86_64 | 1.0.8 | 2.66 | 37.20 | 39.86 | NOTE | |
r-release-linux-x86_64 | 1.0.8 | 2.86 | 36.91 | 39.77 | NOTE | |
r-release-macos-arm64 | 1.0.8 | 20.00 | NOTE | |||
r-release-macos-x86_64 | 1.0.8 | 36.00 | NOTE | |||
r-release-windows-x86_64 | 1.0.8 | 14.00 | 74.00 | 88.00 | NOTE | |
r-oldrel-macos-arm64 | 1.0.8 | 31.00 | NOTE | |||
r-oldrel-macos-x86_64 | 1.0.8 | 39.00 | NOTE | |||
r-oldrel-windows-ix86+x86_64 | 1.0.8 | 7.00 | 51.00 | 58.00 | NOTE |
Version: 1.0.8
Check: LazyData
Result: NOTE
'LazyData' is specified without a 'data' directory
Flavors: r-devel-linux-x86_64-debian-clang, r-devel-linux-x86_64-debian-gcc, r-devel-linux-x86_64-fedora-clang, r-devel-linux-x86_64-fedora-gcc, r-devel-windows-x86_64, r-patched-linux-x86_64, r-release-linux-x86_64, r-release-macos-arm64, r-release-macos-x86_64, r-release-windows-x86_64, r-oldrel-macos-arm64, r-oldrel-macos-x86_64, r-oldrel-windows-ix86+x86_64
Version: 1.0.8
Check: for non-standard things in the check directory
Result: NOTE
Found the following files/directories:
'example_table1.csv' 'example_table1.txt' 'example_table2.csv'
'example_table2.txt' 'example_table3.csv' 'example_table3.txt'
'table1.csv' 'table2.csv' 'table2.txt' 'table3.txt' 'table4.txt'
Flavors: r-devel-linux-x86_64-debian-clang, r-devel-linux-x86_64-debian-gcc, r-devel-linux-x86_64-fedora-clang, r-devel-linux-x86_64-fedora-gcc, r-patched-linux-x86_64, r-release-linux-x86_64