CRAN Package Check Results for Package ecm

Last updated on 2022-01-16 22:51:11 CET.

Flavor Version Tinstall Tcheck Ttotal Status Flags
r-devel-linux-x86_64-debian-clang 6.3.0 3.03 36.97 40.00 OK
r-devel-linux-x86_64-debian-gcc 6.3.0 2.35 29.12 31.47 OK
r-devel-linux-x86_64-fedora-clang 6.3.0 49.90 NOTE
r-devel-linux-x86_64-fedora-gcc 6.3.0 38.88 NOTE
r-devel-windows-x86_64-new-UL 6.3.0 23.00 55.00 78.00 OK
r-devel-windows-x86_64-new-TK 6.3.0 ERROR
r-patched-linux-x86_64 6.3.0 2.67 36.36 39.03 OK
r-release-linux-x86_64 6.3.0 OK
r-release-macos-arm64 6.3.0 NOTE
r-release-macos-x86_64 6.3.0 NOTE
r-release-windows-ix86+x86_64 6.3.0 8.00 42.00 50.00 OK
r-oldrel-macos-x86_64 6.3.0 NOTE
r-oldrel-windows-ix86+x86_64 6.3.0 9.00 43.00 52.00 OK

Check Details

Version: 6.3.0
Check: dependencies in R code
Result: NOTE
    Namespaces in Imports field not imported from:
     ‘lmtest’ ‘sandwich’ ‘urca’
     All declared Imports should be used.
Flavors: r-devel-linux-x86_64-fedora-clang, r-devel-linux-x86_64-fedora-gcc, r-release-macos-arm64, r-release-macos-x86_64, r-oldrel-macos-x86_64

Version: 6.3.0
Check: package dependencies
Result: ERROR
    Package required but not available: 'car'
    
    See section 'The DESCRIPTION file' in the 'Writing R Extensions'
    manual.
Flavor: r-devel-windows-x86_64-new-TK