CRAN Package Check Results for Package ecolMod

Last updated on 2023-09-29 21:53:52 CEST.

Flavor Version Tinstall Tcheck Ttotal Status Flags
r-devel-linux-x86_64-debian-clang 1.2.6.4 4.09 56.04 60.13 OK
r-devel-linux-x86_64-debian-gcc 1.2.6.4 3.22 43.40 46.62 OK
r-devel-linux-x86_64-fedora-clang 1.2.6.4 79.05 OK
r-devel-linux-x86_64-fedora-gcc 1.2.6.4 90.45 OK
r-devel-windows-x86_64 1.2.6.4 10.00 84.00 94.00 OK
r-patched-linux-x86_64 1.2.6.4 4.41 55.73 60.14 OK
r-release-linux-x86_64 1.2.6.4 4.08 55.31 59.39 OK
r-release-macos-arm64 1.2.6.4 42.00 OK
r-release-macos-x86_64 1.2.6.4 60.00 NOTE
r-release-windows-x86_64 1.2.6.4 8.00 82.00 90.00 OK
r-oldrel-macos-arm64 1.2.6.4 31.00 OK
r-oldrel-macos-x86_64 1.2.6.4 46.00 OK
r-oldrel-windows-x86_64 1.2.6.4 8.00 86.00 94.00 OK

Check Details

Version: 1.2.6.4
Check: package dependencies
Result: NOTE
    Package suggested but not available for checking: ‘seacarb’
Flavor: r-release-macos-x86_64