CRAN Package Check Results for Package ecotraj

Last updated on 2024-02-25 23:02:05 CET.

Flavor Version Tinstall Tcheck Ttotal Status Flags
r-devel-linux-x86_64-debian-clang 0.1.1 23.61 46.49 70.10 OK
r-devel-linux-x86_64-debian-gcc 0.1.1 17.72 35.99 53.71 OK
r-devel-linux-x86_64-fedora-clang 0.1.1 102.82 NOTE
r-devel-linux-x86_64-fedora-gcc 0.1.1 95.95 NOTE
r-devel-windows-x86_64 0.1.1 20.00 70.00 90.00 OK
r-patched-linux-x86_64 0.1.1 20.54 46.40 66.94 OK
r-release-linux-x86_64 0.1.1 19.26 45.41 64.67 OK
r-release-macos-arm64 0.1.1 34.00 OK
r-release-macos-x86_64 0.1.1 71.00 OK
r-release-windows-x86_64 0.1.1 20.00 87.00 107.00 OK
r-oldrel-macos-arm64 0.1.1 36.00 OK
r-oldrel-windows-x86_64 0.1.1 25.00 92.00 117.00 OK

Check Details

Version: 0.1.1
Check: data for non-ASCII characters
Result: NOTE Note: found 42 marked UTF-8 strings Flavors: r-devel-linux-x86_64-fedora-clang, r-devel-linux-x86_64-fedora-gcc