CRAN Package Check Results for Package edlibR

Last updated on 2024-02-21 23:11:28 CET.

Flavor Version Tinstall Tcheck Ttotal Status Flags
r-devel-linux-x86_64-debian-clang 1.0.1 NOTE
r-devel-linux-x86_64-debian-gcc 1.0.1 18.11 26.56 44.67 NOTE
r-devel-linux-x86_64-fedora-clang 1.0.1 80.29 NOTE
r-devel-linux-x86_64-fedora-gcc 1.0.1 88.39 NOTE
r-devel-windows-x86_64 1.0.1 20.00 66.00 86.00 NOTE
r-patched-linux-x86_64 1.0.1 25.04 33.73 58.77 NOTE
r-release-linux-x86_64 1.0.1 22.25 33.81 56.06 NOTE
r-release-macos-arm64 1.0.1 36.00 NOTE
r-release-macos-x86_64 1.0.1 52.00 NOTE
r-release-windows-x86_64 1.0.1 26.00 76.00 102.00 NOTE
r-oldrel-macos-arm64 1.0.1 31.00 OK
r-oldrel-windows-x86_64 1.0.1 27.00 74.00 101.00 OK

Check Details

Version: 1.0.1
Check: C++ specification
Result: NOTE Specified C++11: please drop specification unless essential Flavors: r-devel-linux-x86_64-debian-clang, r-devel-linux-x86_64-debian-gcc, r-devel-linux-x86_64-fedora-clang, r-devel-linux-x86_64-fedora-gcc, r-devel-windows-x86_64, r-patched-linux-x86_64, r-release-linux-x86_64, r-release-macos-arm64, r-release-macos-x86_64, r-release-windows-x86_64