CRAN Package Check Results for Package eeptools

Last updated on 2022-01-25 22:56:55 CET.

Flavor Version Tinstall Tcheck Ttotal Status Flags
r-devel-linux-x86_64-debian-clang 1.2.4 13.21 164.69 177.90 OK
r-devel-linux-x86_64-debian-gcc 1.2.4 12.72 122.28 135.00 OK
r-devel-linux-x86_64-fedora-clang 1.2.4 204.35 OK
r-devel-linux-x86_64-fedora-gcc 1.2.4 212.35 OK
r-devel-windows-x86_64-new-UL 1.2.4 76.00 214.00 290.00 OK
r-devel-windows-x86_64-new-TK 1.2.4 ERROR
r-patched-linux-x86_64 1.2.4 16.29 142.74 159.03 OK
r-release-linux-x86_64 1.2.4 13.15 144.03 157.18 OK
r-release-macos-arm64 1.2.4 OK
r-release-macos-x86_64 1.2.4 OK
r-release-windows-ix86+x86_64 1.2.4 42.00 218.00 260.00 OK
r-oldrel-macos-x86_64 1.2.4 OK
r-oldrel-windows-ix86+x86_64 1.2.4 42.00 252.00 294.00 OK

Check Details

Version: 1.2.4
Check: package dependencies
Result: ERROR
    Package required but not available: 'arm'
    
    See section 'The DESCRIPTION file' in the 'Writing R Extensions'
    manual.
Flavor: r-devel-windows-x86_64-new-TK