CRAN Package Check Results for Package efts

Last updated on 2021-12-04 22:59:32 CET.

Flavor Version Tinstall Tcheck Ttotal Status Flags
r-devel-linux-x86_64-debian-clang 0.9-0 6.29 59.11 65.40 OK
r-devel-linux-x86_64-debian-gcc 0.9-0 4.49 46.79 51.28 OK
r-devel-linux-x86_64-fedora-clang 0.9-0 80.39 OK
r-devel-linux-x86_64-fedora-gcc 0.9-0 68.65 OK
r-devel-windows-x86_64-new-UL 0.9-0 18.00 99.00 117.00 OK
r-devel-windows-x86_64-new-TK 0.9-0 OK
r-devel-windows-x86_64-old 0.9-0 11.00 55.00 66.00 OK
r-patched-linux-x86_64 0.9-0 5.49 45.07 50.56 OK
r-release-linux-x86_64 0.9-0 5.37 44.09 49.46 OK
r-release-macos-arm64 0.9-0 ERROR
r-release-macos-x86_64 0.9-0 ERROR
r-release-windows-ix86+x86_64 0.9-0 13.00 68.00 81.00 OK
r-oldrel-macos-x86_64 0.9-0 OK
r-oldrel-windows-ix86+x86_64 0.9-0 14.00 65.00 79.00 OK

Check Details

Version: 0.9-0
Check: package dependencies
Result: ERROR
    Package required but not available: ‘udunits2’
    
    See section ‘The DESCRIPTION file’ in the ‘Writing R Extensions’
    manual.
Flavors: r-release-macos-arm64, r-release-macos-x86_64