CRAN Package Check Results for Package eggCounts

Last updated on 2024-02-22 23:14:00 CET.

Flavor Version Tinstall Tcheck Ttotal Status Flags
r-devel-linux-x86_64-debian-clang 2.4 NOTE
r-devel-linux-x86_64-debian-gcc 2.4 820.28 205.55 1025.83 NOTE
r-devel-linux-x86_64-fedora-clang 2.4 1382.88 NOTE
r-devel-linux-x86_64-fedora-gcc 2.4 1979.06 NOTE
r-devel-windows-x86_64 2.4 683.00 235.00 918.00 NOTE
r-patched-linux-x86_64 2.4 765.18 272.86 1038.04 NOTE
r-release-linux-x86_64 2.4 0.01 2.70 2.71 ERROR
r-release-macos-arm64 2.4 419.00 NOTE
r-release-macos-x86_64 2.4 524.00 NOTE
r-release-windows-x86_64 2.4 870.00 301.00 1171.00 NOTE
r-oldrel-macos-arm64 2.4 780.00 NOTE
r-oldrel-windows-x86_64 2.4 811.00 271.00 1082.00 NOTE

Check Details

Version: 2.4
Check: package dependencies
Result: NOTE Package suggested but not available for checking: ‘eggCountsExtra’ Flavors: r-devel-linux-x86_64-debian-clang, r-devel-linux-x86_64-debian-gcc, r-devel-linux-x86_64-fedora-clang, r-devel-linux-x86_64-fedora-gcc, r-devel-windows-x86_64, r-patched-linux-x86_64, r-release-linux-x86_64, r-release-macos-arm64, r-release-macos-x86_64, r-release-windows-x86_64, r-oldrel-macos-arm64, r-oldrel-windows-x86_64

Version: 2.4
Check: for GNU extensions in Makefiles
Result: NOTE GNU make is a SystemRequirements. Flavors: r-devel-linux-x86_64-debian-clang, r-devel-linux-x86_64-debian-gcc, r-devel-linux-x86_64-fedora-clang, r-devel-linux-x86_64-fedora-gcc, r-devel-windows-x86_64, r-patched-linux-x86_64, r-release-macos-arm64, r-release-macos-x86_64, r-release-windows-x86_64, r-oldrel-macos-arm64, r-oldrel-windows-x86_64

Version: 2.4
Check: installed package size
Result: NOTE installed size is 8.6Mb sub-directories of 1Mb or more: libs 7.9Mb Flavors: r-devel-linux-x86_64-fedora-clang, r-devel-windows-x86_64, r-release-macos-arm64, r-release-macos-x86_64, r-release-windows-x86_64, r-oldrel-macos-arm64, r-oldrel-windows-x86_64

Version: 2.4
Check: whether package can be installed
Result: ERROR Installation failed. Flavor: r-release-linux-x86_64