Last updated on 2023-05-29 23:03:43 CEST.
Flavor | Version | Tinstall | Tcheck | Ttotal | Status | Flags |
---|---|---|---|---|---|---|
r-devel-linux-x86_64-debian-clang | 2.3-2 | 822.60 | 163.90 | 986.50 | NOTE | |
r-devel-linux-x86_64-debian-gcc | 2.3-2 | 762.90 | 170.39 | 933.29 | NOTE | |
r-devel-linux-x86_64-fedora-clang | 2.3-2 | 1267.94 | NOTE | |||
r-devel-linux-x86_64-fedora-gcc | 2.3-2 | 1733.93 | NOTE | |||
r-devel-windows-x86_64 | 2.3-2 | 625.00 | 218.00 | 843.00 | NOTE | |
r-patched-linux-x86_64 | 2.3-2 | 719.86 | 225.27 | 945.13 | NOTE | |
r-release-linux-x86_64 | 2.3-2 | 769.53 | 221.32 | 990.85 | NOTE | |
r-release-macos-arm64 | 2.3-2 | 413.00 | NOTE | |||
r-release-macos-x86_64 | 2.3-2 | 638.00 | NOTE | |||
r-release-windows-x86_64 | 2.3-2 | 833.00 | 262.00 | 1095.00 | NOTE | |
r-oldrel-macos-arm64 | 2.3-2 | 352.00 | NOTE | |||
r-oldrel-macos-x86_64 | 2.3-2 | 706.00 | NOTE | |||
r-oldrel-windows-x86_64 | 2.3-2 | 782.00 | 239.00 | 1021.00 | NOTE |
Version: 2.3-2
Check: package dependencies
Result: NOTE
Package suggested but not available for checking: ‘eggCountsExtra’
Flavors: r-devel-linux-x86_64-debian-clang, r-devel-linux-x86_64-debian-gcc, r-devel-linux-x86_64-fedora-clang, r-devel-linux-x86_64-fedora-gcc, r-devel-windows-x86_64, r-patched-linux-x86_64, r-release-linux-x86_64, r-release-macos-arm64, r-release-macos-x86_64, r-release-windows-x86_64, r-oldrel-macos-arm64, r-oldrel-macos-x86_64, r-oldrel-windows-x86_64
Version: 2.3-2
Check: C++ specification
Result: NOTE
Specified C++14: please drop specification unless essential
Flavors: r-devel-linux-x86_64-debian-clang, r-devel-linux-x86_64-debian-gcc, r-devel-linux-x86_64-fedora-clang, r-devel-linux-x86_64-fedora-gcc, r-devel-windows-x86_64, r-patched-linux-x86_64, r-release-linux-x86_64, r-release-macos-arm64, r-release-macos-x86_64, r-release-windows-x86_64
Version: 2.3-2
Check: for GNU extensions in Makefiles
Result: NOTE
GNU make is a SystemRequirements.
Flavors: r-devel-linux-x86_64-debian-clang, r-devel-linux-x86_64-debian-gcc, r-devel-linux-x86_64-fedora-clang, r-devel-linux-x86_64-fedora-gcc, r-devel-windows-x86_64, r-patched-linux-x86_64, r-release-linux-x86_64, r-release-macos-arm64, r-release-macos-x86_64, r-release-windows-x86_64, r-oldrel-macos-arm64, r-oldrel-macos-x86_64, r-oldrel-windows-x86_64
Version: 2.3-2
Check: installed package size
Result: NOTE
installed size is 8.1Mb
sub-directories of 1Mb or more:
libs 7.4Mb
Flavors: r-devel-linux-x86_64-fedora-clang, r-devel-windows-x86_64, r-release-macos-arm64, r-release-macos-x86_64, r-release-windows-x86_64, r-oldrel-macos-arm64, r-oldrel-macos-x86_64, r-oldrel-windows-x86_64