CRAN Package Check Results for Package eirm

Last updated on 2022-05-21 22:58:12 CEST.

Flavor Version Tinstall Tcheck Ttotal Status Flags
r-devel-linux-x86_64-debian-clang 0.5 15.14 154.99 170.13 OK
r-devel-linux-x86_64-debian-gcc 0.5 9.99 115.90 125.89 OK
r-devel-linux-x86_64-fedora-clang 0.5 206.24 NOTE
r-devel-linux-x86_64-fedora-gcc 0.5 202.88 OK
r-devel-windows-x86_64 0.5 21.00 182.00 203.00 OK
r-patched-linux-x86_64 0.5 12.46 148.89 161.35 OK
r-release-linux-x86_64 0.5 12.43 145.70 158.13 OK
r-release-macos-arm64 0.5 60.00 OK
r-release-macos-x86_64 0.5 93.00 OK
r-release-windows-x86_64 0.5 20.00 179.00 199.00 OK
r-oldrel-macos-arm64 0.5 54.00 OK
r-oldrel-macos-x86_64 0.5 79.00 OK
r-oldrel-windows-ix86+x86_64 0.5 32.00 165.00 197.00 OK

Check Details

Version: 0.5
Check: Rd cross-references
Result: NOTE
    Undeclared package ‘eRm’ in Rd xrefs
Flavor: r-devel-linux-x86_64-fedora-clang