CRAN Package Check Results for Package elfDistr

Last updated on 2022-07-05 22:50:21 CEST.

Flavor Version Tinstall Tcheck Ttotal Status Flags
r-devel-linux-x86_64-debian-clang 1.0.0 21.93 28.74 50.67 NOTE
r-devel-linux-x86_64-debian-gcc 1.0.0 15.64 23.07 38.71 NOTE
r-devel-linux-x86_64-fedora-clang 1.0.0 80.10 NOTE
r-devel-linux-x86_64-fedora-gcc 1.0.0 74.04 NOTE
r-devel-windows-x86_64 1.0.0 27.00 74.00 101.00 NOTE
r-patched-linux-x86_64 1.0.0 19.87 28.56 48.43 NOTE
r-release-linux-x86_64 1.0.0 16.99 27.82 44.81 NOTE
r-release-macos-arm64 1.0.0 24.00 NOTE
r-release-macos-x86_64 1.0.0 32.00 NOTE
r-release-windows-x86_64 1.0.0 31.00 75.00 106.00 NOTE
r-oldrel-macos-arm64 1.0.0 29.00 NOTE
r-oldrel-macos-x86_64 1.0.0 42.00 NOTE
r-oldrel-windows-ix86+x86_64 1.0.0 55.00 71.00 126.00 NOTE

Check Details

Version: 1.0.0
Check: LazyData
Result: NOTE
     'LazyData' is specified without a 'data' directory
Flavors: r-devel-linux-x86_64-debian-clang, r-devel-linux-x86_64-debian-gcc, r-devel-linux-x86_64-fedora-clang, r-devel-linux-x86_64-fedora-gcc, r-devel-windows-x86_64, r-patched-linux-x86_64, r-release-linux-x86_64, r-release-macos-arm64, r-release-macos-x86_64, r-release-windows-x86_64, r-oldrel-macos-arm64, r-oldrel-macos-x86_64, r-oldrel-windows-ix86+x86_64