CRAN Package Check Results for Package elhmc

Last updated on 2022-01-15 23:00:24 CET.

Flavor Version Tinstall Tcheck Ttotal Status Flags
r-devel-linux-x86_64-debian-clang 1.1.0 3.15 40.99 44.14 NOTE
r-devel-linux-x86_64-debian-gcc 1.1.0 2.56 31.78 34.34 NOTE
r-devel-linux-x86_64-fedora-clang 1.1.0 56.18 NOTE
r-devel-linux-x86_64-fedora-gcc 1.1.0 43.52 NOTE
r-devel-windows-x86_64-new-UL 1.1.0 9.00 61.00 70.00 NOTE
r-devel-windows-x86_64-new-TK 1.1.0 NOTE
r-patched-linux-x86_64 1.1.0 2.58 40.02 42.60 NOTE
r-release-linux-x86_64 1.1.0 2.74 39.76 42.50 NOTE
r-release-macos-arm64 1.1.0 NOTE
r-release-macos-x86_64 1.1.0 NOTE
r-release-windows-ix86+x86_64 1.1.0 10.00 54.00 64.00 NOTE
r-oldrel-macos-x86_64 1.1.0 OK
r-oldrel-windows-ix86+x86_64 1.1.0 9.00 56.00 65.00 OK

Check Details

Version: 1.1.0
Check: LazyData
Result: NOTE
     'LazyData' is specified without a 'data' directory
Flavors: r-devel-linux-x86_64-debian-clang, r-devel-linux-x86_64-debian-gcc, r-devel-linux-x86_64-fedora-clang, r-devel-linux-x86_64-fedora-gcc, r-devel-windows-x86_64-new-UL, r-devel-windows-x86_64-new-TK, r-patched-linux-x86_64, r-release-linux-x86_64, r-release-macos-arm64, r-release-macos-x86_64, r-release-windows-ix86+x86_64