CRAN Package Check Results for Package emba

Last updated on 2021-12-07 22:59:29 CET.

Flavor Version Tinstall Tcheck Ttotal Status Flags
r-devel-linux-x86_64-debian-clang 0.1.8 9.10 96.78 105.88 NOTE
r-devel-linux-x86_64-debian-gcc 0.1.8 6.04 72.71 78.75 NOTE
r-devel-linux-x86_64-fedora-clang 0.1.8 125.12 NOTE
r-devel-linux-x86_64-fedora-gcc 0.1.8 113.59 NOTE
r-devel-windows-x86_64-new-UL 0.1.8 24.00 142.00 166.00 NOTE
r-devel-windows-x86_64-new-TK 0.1.8 NOTE
r-devel-windows-x86_64-old 0.1.8 14.00 117.00 131.00 NOTE
r-patched-linux-x86_64 0.1.8 9.10 89.46 98.56 NOTE
r-release-linux-x86_64 0.1.8 7.65 89.22 96.87 NOTE
r-release-macos-arm64 0.1.8 NOTE
r-release-macos-x86_64 0.1.8 NOTE
r-release-windows-ix86+x86_64 0.1.8 14.00 99.00 113.00 NOTE
r-oldrel-macos-x86_64 0.1.8 OK
r-oldrel-windows-ix86+x86_64 0.1.8 19.00 114.00 133.00 OK

Check Details

Version: 0.1.8
Check: LazyData
Result: NOTE
     'LazyData' is specified without a 'data' directory
Flavors: r-devel-linux-x86_64-debian-clang, r-devel-linux-x86_64-debian-gcc, r-devel-linux-x86_64-fedora-clang, r-devel-linux-x86_64-fedora-gcc, r-devel-windows-x86_64-new-UL, r-devel-windows-x86_64-new-TK, r-devel-windows-x86_64-old, r-patched-linux-x86_64, r-release-linux-x86_64, r-release-macos-arm64, r-release-macos-x86_64, r-release-windows-ix86+x86_64