Last updated on 2023-06-02 23:03:18 CEST.
Flavor | Version | Tinstall | Tcheck | Ttotal | Status | Flags |
---|---|---|---|---|---|---|
r-devel-linux-x86_64-debian-clang | 0.5-0.2 | 7.37 | 27.00 | 34.37 | OK | |
r-devel-linux-x86_64-debian-gcc | 0.5-0.2 | 5.58 | 21.17 | 26.75 | OK | |
r-devel-linux-x86_64-fedora-clang | 0.5-0.2 | 42.82 | NOTE | |||
r-devel-linux-x86_64-fedora-gcc | 0.5-0.2 | 41.76 | NOTE | |||
r-devel-windows-x86_64 | 0.5-0.2 | 11.00 | 49.00 | 60.00 | OK | |
r-patched-linux-x86_64 | 0.5-0.2 | OK | ||||
r-release-linux-x86_64 | 0.5-0.2 | 6.31 | 26.09 | 32.40 | OK | |
r-release-macos-arm64 | 0.5-0.2 | 22.00 | OK | |||
r-release-macos-x86_64 | 0.5-0.1 | 27.00 | OK | |||
r-release-windows-x86_64 | 0.5-0.2 | 13.00 | 51.00 | 64.00 | OK | |
r-oldrel-macos-arm64 | 0.5-0.2 | 24.00 | OK | |||
r-oldrel-macos-x86_64 | 0.5-0.2 | 25.00 | OK | |||
r-oldrel-windows-x86_64 | 0.5-0.2 | 14.00 | 53.00 | 67.00 | OK |
Version: 0.5-0.2
Check: compiled code
Result: NOTE
File ‘emoa/libs/emoa.so’:
Found no calls to: ‘R_registerRoutines’, ‘R_useDynamicSymbols’
It is good practice to register native routines and to disable symbol
search.
See ‘Writing portable packages’ in the ‘Writing R Extensions’ manual.
Flavors: r-devel-linux-x86_64-fedora-clang, r-devel-linux-x86_64-fedora-gcc