CRAN Package Check Results for Package emojifont

Last updated on 2021-12-05 22:48:50 CET.

Flavor Version Tinstall Tcheck Ttotal Status Flags
r-devel-linux-x86_64-debian-clang 0.5.5 5.21 61.46 66.67 OK
r-devel-linux-x86_64-debian-gcc 0.5.5 4.24 46.98 51.22 OK
r-devel-linux-x86_64-fedora-clang 0.5.5 81.51 NOTE
r-devel-linux-x86_64-fedora-gcc 0.5.5 68.73 OK
r-devel-windows-x86_64-new-UL 0.5.5 16.00 105.00 121.00 NOTE
r-devel-windows-x86_64-new-TK 0.5.5 OK
r-devel-windows-x86_64-old 0.5.5 11.00 57.00 68.00 NOTE
r-patched-linux-x86_64 0.5.5 4.98 49.29 54.27 OK
r-release-linux-x86_64 0.5.5 4.52 56.47 60.99 OK
r-release-macos-arm64 0.5.5 NOTE
r-release-macos-x86_64 0.5.5 NOTE
r-release-windows-ix86+x86_64 0.5.5 15.00 73.00 88.00 NOTE
r-oldrel-macos-x86_64 0.5.5 NOTE
r-oldrel-windows-ix86+x86_64 0.5.5 15.00 74.00 89.00 NOTE

Check Details

Version: 0.5.5
Check: installed package size
Result: NOTE
     installed size is 7.0Mb
     sub-directories of 1Mb or more:
     emoji_fonts 6.5Mb
Flavors: r-devel-linux-x86_64-fedora-clang, r-devel-windows-x86_64-new-UL, r-devel-windows-x86_64-old, r-release-macos-arm64, r-release-macos-x86_64, r-release-windows-ix86+x86_64, r-oldrel-macos-x86_64, r-oldrel-windows-ix86+x86_64