Last updated on 2023-03-24 22:55:09 CET.
Flavor | Version | Tinstall | Tcheck | Ttotal | Status | Flags |
---|---|---|---|---|---|---|
r-devel-linux-x86_64-debian-clang | 1.1.1 | 5.02 | 62.11 | 67.13 | OK | |
r-devel-linux-x86_64-debian-gcc | 1.1.1 | 4.66 | 47.41 | 52.07 | OK | |
r-devel-linux-x86_64-fedora-clang | 1.1.1 | 84.62 | NOTE | |||
r-devel-linux-x86_64-fedora-gcc | 1.1.1 | 95.75 | NOTE | |||
r-patched-linux-x86_64 | 1.1.1 | 4.51 | 60.98 | 65.49 | OK | |
r-release-linux-x86_64 | 1.1.1 | 5.63 | 60.67 | 66.30 | OK | |
r-release-macos-arm64 | 1.1.1 | 35.00 | NOTE | |||
r-release-macos-x86_64 | 1.1.1 | 52.00 | NOTE | |||
r-release-windows-x86_64 | 1.1.1 | 21.00 | 103.00 | 124.00 | OK | |
r-oldrel-macos-arm64 | 1.1.1 | 66.00 | NOTE | |||
r-oldrel-macos-x86_64 | 1.1.1 | 41.00 | NOTE | |||
r-oldrel-windows-ix86+x86_64 | 1.1.1 | 13.00 | 90.00 | 103.00 | OK |
Version: 1.1.1
Check: dependencies in R code
Result: NOTE
Namespaces in Imports field not imported from:
‘Biostrings’ ‘DECIPHER’ ‘ggplot2’ ‘reshape2’ ‘usethis’
All declared Imports should be used.
Flavors: r-devel-linux-x86_64-fedora-clang, r-devel-linux-x86_64-fedora-gcc, r-release-macos-arm64, r-release-macos-x86_64, r-oldrel-macos-arm64, r-oldrel-macos-x86_64