CRAN Package Check Results for Package epanet2toolkit

Last updated on 2021-11-26 23:03:23 CET.

Flavor Version Tinstall Tcheck Ttotal Status Flags
r-devel-linux-x86_64-debian-clang 0.5.1 15.33 30.92 46.25 OK
r-devel-linux-x86_64-debian-gcc 0.5.1 11.52 24.28 35.80 OK
r-devel-linux-x86_64-fedora-clang 0.5.1 69.22 OK
r-devel-linux-x86_64-fedora-gcc 0.5.1 58.20 OK
r-devel-windows-x86_64-new-UL 0.5.1 47.00 77.00 124.00 WARN
r-devel-windows-x86_64-new-TK 0.5.1 WARN
r-devel-windows-x86_64-old 0.5.1 23.00 54.00 77.00 OK
r-patched-linux-x86_64 0.5.1 14.48 29.74 44.22 OK
r-patched-solaris-x86 0.5.1 78.50 OK
r-release-linux-x86_64 0.5.1 OK
r-release-macos-arm64 0.5.1 OK
r-release-macos-x86_64 0.5.1 OK
r-release-windows-ix86+x86_64 0.5.1 54.00 53.00 107.00 OK
r-oldrel-macos-x86_64 0.5.1 OK
r-oldrel-windows-ix86+x86_64 0.5.1 44.00 68.00 112.00 OK

Check Details

Version: 0.5.1
Check: whether package can be installed
Result: WARN
    Found the following significant warnings:
     report.c:1466:31: warning: '%02d' directive writing between 2 and 11 bytes into a region of size between 1 and 8 [-Wformat-overflow=]
Flavors: r-devel-windows-x86_64-new-UL, r-devel-windows-x86_64-new-TK