CRAN Package Check Results for Package epiDisplay

Last updated on 2024-02-25 23:02:06 CET.

Flavor Version Tinstall Tcheck Ttotal Status Flags
r-devel-linux-x86_64-debian-clang 3.5.0.2 15.22 133.80 149.02 NOTE
r-devel-linux-x86_64-debian-gcc 3.5.0.2 13.81 99.77 113.58 NOTE
r-devel-linux-x86_64-fedora-clang 3.5.0.2 186.36 NOTE
r-devel-linux-x86_64-fedora-gcc 3.5.0.2 190.02 NOTE
r-devel-windows-x86_64 3.5.0.2 16.00 127.00 143.00 NOTE
r-patched-linux-x86_64 3.5.0.2 18.40 133.90 152.30 NOTE
r-release-linux-x86_64 3.5.0.2 17.94 133.27 151.21 NOTE
r-release-macos-arm64 3.5.0.2 53.00 NOTE
r-release-macos-x86_64 3.5.0.2 91.00 NOTE
r-release-windows-x86_64 3.5.0.2 22.00 157.00 179.00 NOTE
r-oldrel-macos-arm64 3.5.0.2 53.00 OK
r-oldrel-windows-x86_64 3.5.0.2 22.00 155.00 177.00 OK

Check Details

Version: 3.5.0.2
Check: Rd files
Result: NOTE checkRd: (-1) risk.display.rd:98: Escaped LaTeX specials: \$ Flavors: r-devel-linux-x86_64-debian-clang, r-devel-linux-x86_64-debian-gcc, r-devel-linux-x86_64-fedora-clang, r-devel-linux-x86_64-fedora-gcc, r-devel-windows-x86_64, r-patched-linux-x86_64, r-release-linux-x86_64, r-release-macos-arm64, r-release-macos-x86_64, r-release-windows-x86_64