CRAN Package Check Results for Package epifitter

Last updated on 2022-01-20 22:54:01 CET.

Flavor Version Tinstall Tcheck Ttotal Status Flags
r-devel-linux-x86_64-debian-clang 0.3.0 OK
r-devel-linux-x86_64-debian-gcc 0.3.0 2.92 55.49 58.41 OK
r-devel-linux-x86_64-fedora-clang 0.3.0 92.10 NOTE
r-devel-linux-x86_64-fedora-gcc 0.3.0 81.02 NOTE
r-devel-windows-x86_64-new-UL 0.3.0 27.00 105.00 132.00 OK
r-devel-windows-x86_64-new-TK 0.3.0 NOTE
r-patched-linux-x86_64 0.3.0 2.60 70.25 72.85 OK
r-release-linux-x86_64 0.3.0 2.71 71.35 74.06 OK
r-release-macos-arm64 0.3.0 NOTE
r-release-macos-x86_64 0.3.0 NOTE
r-release-windows-ix86+x86_64 0.3.0 8.00 84.00 92.00 OK
r-oldrel-macos-x86_64 0.3.0 NOTE
r-oldrel-windows-ix86+x86_64 0.3.0 8.00 87.00 95.00 OK

Check Details

Version: 0.3.0
Check: dependencies in R code
Result: NOTE
    Namespace in Imports field not imported from: ‘knitr’
     All declared Imports should be used.
Flavors: r-devel-linux-x86_64-fedora-clang, r-devel-linux-x86_64-fedora-gcc, r-devel-windows-x86_64-new-TK, r-release-macos-arm64, r-release-macos-x86_64, r-oldrel-macos-x86_64