CRAN Package Check Results for Package epitweetr

Last updated on 2022-01-18 22:47:22 CET.

Flavor Version Tinstall Tcheck Ttotal Status Flags
r-devel-linux-x86_64-debian-clang 2.0.3 22.07 140.01 162.08 NOTE
r-devel-linux-x86_64-debian-gcc 2.0.3 16.17 103.93 120.10 NOTE
r-devel-linux-x86_64-fedora-clang 2.0.3 190.41 NOTE
r-devel-linux-x86_64-fedora-gcc 2.0.3 171.66 NOTE
r-devel-windows-x86_64-new-UL 2.0.3 141.00 180.00 321.00 NOTE
r-devel-windows-x86_64-new-TK 2.0.3 NOTE
r-patched-linux-x86_64 2.0.3 12.24 131.13 143.37 NOTE
r-release-linux-x86_64 2.0.3 NOTE
r-release-macos-arm64 2.0.3 NOTE
r-release-macos-x86_64 2.0.3 NOTE
r-release-windows-ix86+x86_64 2.0.3 36.00 163.00 199.00 NOTE
r-oldrel-macos-x86_64 0.1.28 NOTE
r-oldrel-windows-ix86+x86_64 2.0.3 37.00 168.00 205.00 NOTE

Check Details

Version: 2.0.3
Check: package dependencies
Result: NOTE
    Package suggested but not available for checking: 'taskscheduleR'
Flavors: r-devel-linux-x86_64-debian-clang, r-devel-linux-x86_64-debian-gcc, r-devel-linux-x86_64-fedora-gcc, r-patched-linux-x86_64, r-release-linux-x86_64, r-release-macos-arm64, r-release-macos-x86_64

Version: 2.0.3
Check: package dependencies
Result: NOTE
    Package suggested but not available for checking: ‘taskscheduleR’
    
    Imports includes 33 non-default packages.
    Importing from so many packages makes the package vulnerable to any of
    them becoming unavailable. Move as many as possible to Suggests and
    use conditionally.
Flavor: r-devel-linux-x86_64-fedora-clang

Version: 2.0.3
Check: installed package size
Result: NOTE
     installed size is 5.2Mb
     sub-directories of 1Mb or more:
     doc 3.1Mb
     java 1.3Mb
Flavors: r-devel-linux-x86_64-fedora-clang, r-devel-windows-x86_64-new-UL, r-release-macos-arm64, r-release-macos-x86_64, r-release-windows-ix86+x86_64, r-oldrel-windows-ix86+x86_64

Version: 2.0.3
Check: dependencies in R code
Result: NOTE
    Namespaces in Imports field not imported from:
     ‘httpuv’ ‘knitr’ ‘plyr’ ‘tidyverse’ ‘tokenizers’ ‘xml2’
     All declared Imports should be used.
Flavors: r-devel-linux-x86_64-fedora-clang, r-devel-linux-x86_64-fedora-gcc, r-devel-windows-x86_64-new-TK, r-release-macos-arm64, r-release-macos-x86_64

Version: 0.1.28
Check: package dependencies
Result: NOTE
    Package suggested but not available for checking: ‘taskscheduleR’
Flavor: r-oldrel-macos-x86_64

Version: 0.1.28
Check: dependencies in R code
Result: NOTE
    Namespaces in Imports field not imported from:
     ‘httpuv’ ‘plyr’ ‘rgdal’ ‘rgeos’ ‘tidyverse’ ‘tokenizers’
     All declared Imports should be used.
Flavor: r-oldrel-macos-x86_64