CRAN Package Check Results for Package eponge

Last updated on 2022-05-15 22:51:36 CEST.

Flavor Version Tinstall Tcheck Ttotal Status Flags
r-devel-linux-x86_64-debian-clang 0.1.0 2.68 37.13 39.81 NOTE
r-devel-linux-x86_64-debian-gcc 0.1.0 2.22 29.23 31.45 NOTE
r-devel-linux-x86_64-fedora-clang 0.1.0 48.93 NOTE
r-devel-linux-x86_64-fedora-gcc 0.1.0 46.91 NOTE
r-devel-windows-x86_64 0.1.0 10.00 53.00 63.00 NOTE
r-patched-linux-x86_64 0.1.0 2.58 35.85 38.43 NOTE
r-release-linux-x86_64 0.1.0 2.34 36.57 38.91 NOTE
r-release-macos-arm64 0.1.0 15.00 NOTE
r-release-macos-x86_64 0.1.0 23.00 NOTE
r-release-windows-x86_64 0.1.0 13.00 53.00 66.00 NOTE
r-oldrel-macos-arm64 0.1.0 18.00 NOTE
r-oldrel-macos-x86_64 0.1.0 27.00 NOTE
r-oldrel-windows-ix86+x86_64 0.1.0 7.00 44.00 51.00 NOTE

Check Details

Version: 0.1.0
Check: LazyData
Result: NOTE
     'LazyData' is specified without a 'data' directory
Flavors: r-devel-linux-x86_64-debian-clang, r-devel-linux-x86_64-debian-gcc, r-devel-linux-x86_64-fedora-clang, r-devel-linux-x86_64-fedora-gcc, r-devel-windows-x86_64, r-patched-linux-x86_64, r-release-linux-x86_64, r-release-macos-arm64, r-release-macos-x86_64, r-release-windows-x86_64, r-oldrel-macos-arm64, r-oldrel-macos-x86_64, r-oldrel-windows-ix86+x86_64