CRAN Package Check Results for Package epxToR

Last updated on 2023-05-28 22:00:09 CEST.

Flavor Version Tinstall Tcheck Ttotal Status Flags
r-devel-linux-x86_64-debian-clang 0.4-1 2.91 30.87 33.78 NOTE
r-devel-linux-x86_64-debian-gcc 0.4-1 2.60 24.07 26.67 NOTE
r-devel-linux-x86_64-fedora-clang 0.4-1 42.50 NOTE
r-devel-linux-x86_64-fedora-gcc 0.4-1 40.90 NOTE
r-devel-windows-x86_64 0.4-1 5.00 45.00 50.00 NOTE
r-patched-linux-x86_64 0.4-1 3.19 29.63 32.82 NOTE
r-release-linux-x86_64 0.4-1 3.36 30.07 33.43 NOTE
r-release-macos-arm64 0.4-1 19.00 NOTE
r-release-macos-x86_64 0.4-1 25.00 NOTE
r-release-windows-x86_64 0.4-1 5.00 46.00 51.00 NOTE
r-oldrel-macos-arm64 0.4-1 19.00 NOTE
r-oldrel-macos-x86_64 0.4-1 25.00 NOTE
r-oldrel-windows-x86_64 0.4-1 5.00 49.00 54.00 NOTE

Check Details

Version: 0.4-1
Check: LazyData
Result: NOTE
     'LazyData' is specified without a 'data' directory
Flavors: r-devel-linux-x86_64-debian-clang, r-devel-linux-x86_64-debian-gcc, r-devel-linux-x86_64-fedora-clang, r-devel-linux-x86_64-fedora-gcc, r-devel-windows-x86_64, r-patched-linux-x86_64, r-release-linux-x86_64, r-release-macos-arm64, r-release-macos-x86_64, r-release-windows-x86_64, r-oldrel-macos-arm64, r-oldrel-macos-x86_64, r-oldrel-windows-x86_64