CRAN Package Check Results for Package equatiomatic

Last updated on 2022-01-23 22:49:39 CET.

Flavor Version Tinstall Tcheck Ttotal Status Flags
r-devel-linux-x86_64-debian-clang 0.3.0 7.31 217.00 224.31 OK
r-devel-linux-x86_64-debian-gcc 0.3.0 5.38 172.25 177.63 OK
r-devel-linux-x86_64-fedora-clang 0.3.0 261.16 OK
r-devel-linux-x86_64-fedora-gcc 0.3.0 240.38 OK
r-devel-windows-x86_64-new-UL 0.3.0 229.00 308.00 537.00 OK
r-devel-windows-x86_64-new-TK 0.3.0 ERROR
r-patched-linux-x86_64 0.3.0 11.45 222.00 233.45 OK
r-release-linux-x86_64 0.3.0 5.22 218.57 223.79 OK
r-release-macos-arm64 0.3.0 OK
r-release-macos-x86_64 0.3.0 OK
r-release-windows-ix86+x86_64 0.3.0 14.00 225.00 239.00 OK
r-oldrel-macos-x86_64 0.3.0 OK
r-oldrel-windows-ix86+x86_64 0.3.0 15.00 225.00 240.00 OK

Check Details

Version: 0.3.0
Check: package dependencies
Result: NOTE
    Package suggested but not available for checking: 'lme4'
Flavor: r-devel-windows-x86_64-new-TK

Version: 0.3.0
Check: Rd cross-references
Result: NOTE
    Package unavailable to check Rd xrefs: 'lme4'
Flavor: r-devel-windows-x86_64-new-TK

Version: 0.3.0
Check: tests
Result: ERROR
     Running 'testthat.R'
    Running the tests in 'tests/testthat.R' failed.
    Complete output:
     > library(testthat)
     > library(equatiomatic)
     >
     > test_check("equatiomatic")
     Starting 2 test processes
     [ FAIL 3 | WARN 0 | SKIP 34 | PASS 20 ]
    
     ══ Skipped tests ═══════════════════════════════════════════════════════════════
     • On CRAN (34)
    
     ══ Failed tests ════════════════════════════════════════════════════════════════
     ── Error (test-fontsize.R:9:3): font-size changes, lmer ────────────────────────
     <packageNotFoundError/error/condition>
     Error in `loadNamespace(x)`: there is no package called 'lme4'
     Backtrace:
     █
     1. └─base::loadNamespace(x)
     2. └─base::withRestarts(stop(cond), retry_loadNamespace = function() NULL)
     3. └─base:::withOneRestart(expr, restarts[[1L]])
     4. └─base:::doWithOneRestart(return(expr), restart)
     ── Error (test-glmerMod.R:1:1): (code run outside of `test_that()`) ────────────
     <packageNotFoundError/error/condition>
     Error in `library(lme4)`: there is no package called 'lme4'
     Backtrace:
     █
     1. └─base::library(lme4)
     ── Error (test-lmerMod.R:1:1): (code run outside of `test_that()`) ─────────────
     <packageNotFoundError/error/condition>
     Error in `library(lme4)`: there is no package called 'lme4'
     Backtrace:
     █
     1. └─base::library(lme4)
    
     [ FAIL 3 | WARN 0 | SKIP 34 | PASS 20 ]
     Error: Test failures
     Execution halted
Flavor: r-devel-windows-x86_64-new-TK

Version: 0.3.0
Check: re-building of vignette outputs
Result: WARN
    Error(s) in re-building vignettes:
    --- re-building 'colors.Rmd' using rmarkdown
    --- finished re-building 'colors.Rmd'
    
    --- re-building 'forecast-arima.Rmd' using rmarkdown
    --- finished re-building 'forecast-arima.Rmd'
    
    --- re-building 'intro-equatiomatic.Rmd' using rmarkdown
    --- finished re-building 'intro-equatiomatic.Rmd'
    
    --- re-building 'lme4-lmer.Rmd' using rmarkdown
    Quitting from lines 28-30 (lme4-lmer.Rmd)
    Error: processing vignette 'lme4-lmer.Rmd' failed with diagnostics:
    there is no package called 'lme4'
    --- failed re-building 'lme4-lmer.Rmd'
    
    --- re-building 'plotting-integration.Rmd' using rmarkdown
    `geom_smooth()` using formula 'y ~ x'
    Warning: Removed 2 rows containing non-finite values (stat_smooth).
    Warning: Removed 2 rows containing missing values (geom_point).
    `geom_smooth()` using formula 'y ~ x'
    Warning: Removed 2 rows containing non-finite values (stat_smooth).
    Warning: Removed 2 rows containing missing values (geom_point).
    `geom_smooth()` using formula 'y ~ x'
    Warning: Removed 2 rows containing non-finite values (stat_smooth).
    Warning: Removed 2 rows containing missing values (geom_point).
    Warning in is.na(x) :
     is.na() applied to non-(list or vector) of type 'expression'
    --- finished re-building 'plotting-integration.Rmd'
    
    --- re-building 'tests_and_coverage.Rmd' using rmarkdown
    --- finished re-building 'tests_and_coverage.Rmd'
    
    --- re-building 'usage-shiny.Rmd' using rmarkdown
    --- finished re-building 'usage-shiny.Rmd'
    
    SUMMARY: processing the following file failed:
     'lme4-lmer.Rmd'
    
    Error: Vignette re-building failed.
    Execution halted
Flavor: r-devel-windows-x86_64-new-TK