CRAN Package Check Results for Package errorlocate

Last updated on 2022-05-24 22:50:06 CEST.

Flavor Version Tinstall Tcheck Ttotal Status Flags
r-devel-linux-x86_64-debian-clang 1.0.0 7.72 75.04 82.76 OK
r-devel-linux-x86_64-debian-gcc 1.0.0 5.73 57.59 63.32 OK
r-devel-linux-x86_64-fedora-clang 1.0.0 102.69 NOTE
r-devel-linux-x86_64-fedora-gcc 1.0.0 97.91 NOTE
r-devel-windows-x86_64 1.0.0 80.00 101.00 181.00 OK
r-patched-linux-x86_64 1.0.0 8.88 74.61 83.49 OK
r-release-linux-x86_64 1.0.0 OK
r-release-macos-arm64 1.0.0 29.00 NOTE
r-release-macos-x86_64 1.0.0 42.00 NOTE
r-release-windows-x86_64 1.0.0 85.00 108.00 193.00 OK
r-oldrel-macos-arm64 1.0.0 33.00 NOTE
r-oldrel-macos-x86_64 1.0.0 43.00 NOTE
r-oldrel-windows-ix86+x86_64 1.0.0 20.00 87.00 107.00 OK

Check Details

Version: 1.0.0
Check: dependencies in R code
Result: NOTE
    Namespace in Imports field not imported from: ‘parallel’
     All declared Imports should be used.
Flavors: r-devel-linux-x86_64-fedora-clang, r-devel-linux-x86_64-fedora-gcc, r-release-macos-arm64, r-release-macos-x86_64, r-oldrel-macos-arm64, r-oldrel-macos-x86_64