CRAN Package Check Results for Package errorlocate

Last updated on 2021-12-04 22:59:33 CET.

Flavor Version Tinstall Tcheck Ttotal Status Flags
r-devel-linux-x86_64-debian-clang 0.9.9 6.90 65.33 72.23 OK
r-devel-linux-x86_64-debian-gcc 0.9.9 5.60 51.44 57.04 OK
r-devel-linux-x86_64-fedora-clang 0.9.9 91.40 NOTE
r-devel-linux-x86_64-fedora-gcc 0.9.9 80.27 NOTE
r-devel-windows-x86_64-new-UL 0.9.9 22.00 104.00 126.00 OK
r-devel-windows-x86_64-new-TK 0.9.9 NOTE
r-devel-windows-x86_64-old 0.9.9 15.00 61.00 76.00 OK
r-patched-linux-x86_64 0.9.9 7.02 59.17 66.19 OK
r-release-linux-x86_64 0.9.9 6.63 57.46 64.09 OK
r-release-macos-arm64 0.9.9 NOTE
r-release-macos-x86_64 0.9.9 NOTE
r-release-windows-ix86+x86_64 0.9.9 19.00 82.00 101.00 OK
r-oldrel-macos-x86_64 0.9.9 NOTE
r-oldrel-windows-ix86+x86_64 0.9.9 20.00 84.00 104.00 OK

Check Details

Version: 0.9.9
Check: dependencies in R code
Result: NOTE
    Namespace in Imports field not imported from: ‘parallel’
     All declared Imports should be used.
Flavors: r-devel-linux-x86_64-fedora-clang, r-devel-linux-x86_64-fedora-gcc, r-devel-windows-x86_64-new-TK, r-release-macos-arm64, r-release-macos-x86_64, r-oldrel-macos-x86_64