CRAN Package Check Results for Package escalation

Last updated on 2021-12-06 21:51:13 CET.

Flavor Version Tinstall Tcheck Ttotal Status Flags
r-devel-linux-x86_64-debian-clang 0.1.4 19.58 537.83 557.41 NOTE
r-devel-linux-x86_64-debian-gcc 0.1.4 19.66 394.83 414.49 NOTE
r-devel-linux-x86_64-fedora-clang 0.1.4 638.23 NOTE
r-devel-linux-x86_64-fedora-gcc 0.1.4 661.94 NOTE
r-devel-windows-x86_64-new-UL 0.1.4 71.00 701.00 772.00 NOTE
r-devel-windows-x86_64-new-TK 0.1.4 NOTE
r-devel-windows-x86_64-old 0.1.4 39.00 514.00 553.00 NOTE
r-patched-linux-x86_64 0.1.4 27.07 560.39 587.46 NOTE
r-release-linux-x86_64 0.1.4 23.70 570.30 594.00 NOTE
r-release-macos-arm64 0.1.4 NOTE
r-release-macos-x86_64 0.1.4 WARN
r-release-windows-ix86+x86_64 0.1.4 52.00 724.00 776.00 NOTE
r-oldrel-macos-x86_64 0.1.4 WARN
r-oldrel-windows-ix86+x86_64 0.1.4 53.00 761.00 814.00 NOTE

Check Details

Version: 0.1.4
Check: LazyData
Result: NOTE
     'LazyData' is specified without a 'data' directory
Flavors: r-devel-linux-x86_64-debian-clang, r-devel-linux-x86_64-debian-gcc, r-devel-linux-x86_64-fedora-clang, r-devel-linux-x86_64-fedora-gcc, r-devel-windows-x86_64-new-UL, r-devel-windows-x86_64-new-TK, r-devel-windows-x86_64-old, r-patched-linux-x86_64, r-release-linux-x86_64, r-release-macos-arm64, r-release-macos-x86_64, r-release-windows-ix86+x86_64

Version: 0.1.4
Check: installed package size
Result: NOTE
     installed size is 13.6Mb
     sub-directories of 1Mb or more:
     doc 13.1Mb
Flavors: r-devel-linux-x86_64-fedora-clang, r-devel-windows-x86_64-new-UL, r-devel-windows-x86_64-old, r-release-macos-arm64, r-release-macos-x86_64, r-release-windows-ix86+x86_64, r-oldrel-macos-x86_64, r-oldrel-windows-ix86+x86_64

Version: 0.1.4
Check: re-building of vignette outputs
Result: WARN
    Error(s) in re-building vignettes:
    --- re-building ‘A100-DoseSelectors.Rmd’ using rmarkdown
    Warning in engine$weave(file, quiet = quiet, encoding = enc) :
     Pandoc (>= 1.12.3) not available. Falling back to R Markdown v1.
    --- finished re-building ‘A100-DoseSelectors.Rmd’
    
    --- re-building ‘A205-CRM.Rmd’ using rmarkdown
    Warning in engine$weave(file, quiet = quiet, encoding = enc) :
     Pandoc (>= 1.12.3) not available. Falling back to R Markdown v1.
    Loading required package: magrittr
    
    Attaching package: 'dplyr'
    
    The following objects are masked from 'package:stats':
    
     filter, lag
    
    The following objects are masked from 'package:base':
    
     intersect, setdiff, setequal, union
    
    PhantomJS not found. You can install it with webshot::install_phantomjs(). If it is installed, please make sure the phantomjs executable can be found via the PATH variable.
    PhantomJS not found. You can install it with webshot::install_phantomjs(). If it is installed, please make sure the phantomjs executable can be found via the PATH variable.
    Quitting from lines 326-334 (A205-CRM.Rmd)
    Error: processing vignette 'A205-CRM.Rmd' failed with diagnostics:
    invalid 'path' argument
    --- failed re-building ‘A205-CRM.Rmd’
    
    --- re-building ‘A207-NBG.Rmd’ using rmarkdown
    Warning in engine$weave(file, quiet = quiet, encoding = enc) :
     Pandoc (>= 1.12.3) not available. Falling back to R Markdown v1.
    PhantomJS not found. You can install it with webshot::install_phantomjs(). If it is installed, please make sure the phantomjs executable can be found via the PATH variable.
    PhantomJS not found. You can install it with webshot::install_phantomjs(). If it is installed, please make sure the phantomjs executable can be found via the PATH variable.
    Quitting from lines 100-102 (A207-NBG.Rmd)
    Error: processing vignette 'A207-NBG.Rmd' failed with diagnostics:
    invalid 'path' argument
    --- failed re-building ‘A207-NBG.Rmd’
    
    --- re-building ‘A210-TPI.Rmd’ using rmarkdown
    Warning in engine$weave(file, quiet = quiet, encoding = enc) :
     Pandoc (>= 1.12.3) not available. Falling back to R Markdown v1.
    Loading required package: magrittr
    
    Attaching package: 'dplyr'
    
    The following objects are masked from 'package:stats':
    
     filter, lag
    
    The following objects are masked from 'package:base':
    
     intersect, setdiff, setequal, union
    
    Quitting from lines 155-156 (A210-TPI.Rmd)
    Error: processing vignette 'A210-TPI.Rmd' failed with diagnostics:
    invalid 'path' argument
    --- failed re-building ‘A210-TPI.Rmd’
    
    --- re-building ‘A220-mTPI.Rmd’ using rmarkdown
    Warning in engine$weave(file, quiet = quiet, encoding = enc) :
     Pandoc (>= 1.12.3) not available. Falling back to R Markdown v1.
    Loading required package: magrittr
    
    Attaching package: 'dplyr'
    
    The following objects are masked from 'package:stats':
    
     filter, lag
    
    The following objects are masked from 'package:base':
    
     intersect, setdiff, setequal, union
    
    Quitting from lines 165-168 (A220-mTPI.Rmd)
    Error: processing vignette 'A220-mTPI.Rmd' failed with diagnostics:
    invalid 'path' argument
    --- failed re-building ‘A220-mTPI.Rmd’
    
    --- re-building ‘A230-BOIN.Rmd’ using rmarkdown
    Warning in engine$weave(file, quiet = quiet, encoding = enc) :
     Pandoc (>= 1.12.3) not available. Falling back to R Markdown v1.
    Loading required package: magrittr
    Quitting from lines 121-125 (A230-BOIN.Rmd)
    Error: processing vignette 'A230-BOIN.Rmd' failed with diagnostics:
    invalid 'path' argument
    --- failed re-building ‘A230-BOIN.Rmd’
    
    --- re-building ‘A600-DosePaths.Rmd’ using rmarkdown
    Warning in engine$weave(file, quiet = quiet, encoding = enc) :
     Pandoc (>= 1.12.3) not available. Falling back to R Markdown v1.
    --- finished re-building ‘A600-DosePaths.Rmd’
    
    --- re-building ‘A700-Simulation.Rmd’ using rmarkdown
    Warning in engine$weave(file, quiet = quiet, encoding = enc) :
     Pandoc (>= 1.12.3) not available. Falling back to R Markdown v1.
    Loading required package: magrittr
    
    Attaching package: 'dplyr'
    
    The following objects are masked from 'package:stats':
    
     filter, lag
    
    The following objects are masked from 'package:base':
    
     intersect, setdiff, setequal, union
    
    --- finished re-building ‘A700-Simulation.Rmd’
    
    SUMMARY: processing the following files failed:
     ‘A205-CRM.Rmd’ ‘A207-NBG.Rmd’ ‘A210-TPI.Rmd’ ‘A220-mTPI.Rmd’
     ‘A230-BOIN.Rmd’
    
    Error: Vignette re-building failed.
    Execution halted
Flavor: r-release-macos-x86_64

Version: 0.1.4
Check: re-building of vignette outputs
Result: WARN
    Error(s) in re-building vignettes:
    --- re-building ‘A100-DoseSelectors.Rmd’ using rmarkdown
    Warning in engine$weave(file, quiet = quiet, encoding = enc) :
     Pandoc (>= 1.12.3) and/or pandoc-citeproc not available. Falling back to R Markdown v1.
    --- finished re-building ‘A100-DoseSelectors.Rmd’
    
    --- re-building ‘A205-CRM.Rmd’ using rmarkdown
    Warning in engine$weave(file, quiet = quiet, encoding = enc) :
     Pandoc (>= 1.12.3) and/or pandoc-citeproc not available. Falling back to R Markdown v1.
    Loading required package: magrittr
    
    Attaching package: 'dplyr'
    
    The following objects are masked from 'package:stats':
    
     filter, lag
    
    The following objects are masked from 'package:base':
    
     intersect, setdiff, setequal, union
    
    PhantomJS not found. You can install it with webshot::install_phantomjs(). If it is installed, please make sure the phantomjs executable can be found via the PATH variable.
    Quitting from lines 326-334 (A205-CRM.Rmd)
    Error: processing vignette 'A205-CRM.Rmd' failed with diagnostics:
    cannot open the connection
    --- failed re-building ‘A205-CRM.Rmd’
    
    --- re-building ‘A207-NBG.Rmd’ using rmarkdown
    Warning in engine$weave(file, quiet = quiet, encoding = enc) :
     Pandoc (>= 1.12.3) and/or pandoc-citeproc not available. Falling back to R Markdown v1.
    PhantomJS not found. You can install it with webshot::install_phantomjs(). If it is installed, please make sure the phantomjs executable can be found via the PATH variable.
    Quitting from lines 100-102 (A207-NBG.Rmd)
    Error: processing vignette 'A207-NBG.Rmd' failed with diagnostics:
    cannot open the connection
    --- failed re-building ‘A207-NBG.Rmd’
    
    --- re-building ‘A210-TPI.Rmd’ using rmarkdown
    Warning in engine$weave(file, quiet = quiet, encoding = enc) :
     Pandoc (>= 1.12.3) and/or pandoc-citeproc not available. Falling back to R Markdown v1.
    Loading required package: magrittr
    
    Attaching package: 'dplyr'
    
    The following objects are masked from 'package:stats':
    
     filter, lag
    
    The following objects are masked from 'package:base':
    
     intersect, setdiff, setequal, union
    
    Quitting from lines 155-156 (A210-TPI.Rmd)
    Error: processing vignette 'A210-TPI.Rmd' failed with diagnostics:
    cannot open the connection
    --- failed re-building ‘A210-TPI.Rmd’
    
    --- re-building ‘A220-mTPI.Rmd’ using rmarkdown
    Warning in engine$weave(file, quiet = quiet, encoding = enc) :
     Pandoc (>= 1.12.3) and/or pandoc-citeproc not available. Falling back to R Markdown v1.
    Loading required package: magrittr
    
    Attaching package: 'dplyr'
    
    The following objects are masked from 'package:stats':
    
     filter, lag
    
    The following objects are masked from 'package:base':
    
     intersect, setdiff, setequal, union
    
    Quitting from lines 165-168 (A220-mTPI.Rmd)
    Error: processing vignette 'A220-mTPI.Rmd' failed with diagnostics:
    cannot open the connection
    --- failed re-building ‘A220-mTPI.Rmd’
    
    --- re-building ‘A230-BOIN.Rmd’ using rmarkdown
    Warning in engine$weave(file, quiet = quiet, encoding = enc) :
     Pandoc (>= 1.12.3) and/or pandoc-citeproc not available. Falling back to R Markdown v1.
    Loading required package: magrittr
    Quitting from lines 121-125 (A230-BOIN.Rmd)
    Error: processing vignette 'A230-BOIN.Rmd' failed with diagnostics:
    cannot open the connection
    --- failed re-building ‘A230-BOIN.Rmd’
    
    --- re-building ‘A600-DosePaths.Rmd’ using rmarkdown
    Warning in engine$weave(file, quiet = quiet, encoding = enc) :
     Pandoc (>= 1.12.3) and/or pandoc-citeproc not available. Falling back to R Markdown v1.
    --- finished re-building ‘A600-DosePaths.Rmd’
    
    --- re-building ‘A700-Simulation.Rmd’ using rmarkdown
    Warning in engine$weave(file, quiet = quiet, encoding = enc) :
     Pandoc (>= 1.12.3) and/or pandoc-citeproc not available. Falling back to R Markdown v1.
    Loading required package: magrittr
    
    Attaching package: 'dplyr'
    
    The following objects are masked from 'package:stats':
    
     filter, lag
    
    The following objects are masked from 'package:base':
    
     intersect, setdiff, setequal, union
    
    --- finished re-building ‘A700-Simulation.Rmd’
    
    SUMMARY: processing the following files failed:
     ‘A205-CRM.Rmd’ ‘A207-NBG.Rmd’ ‘A210-TPI.Rmd’ ‘A220-mTPI.Rmd’
     ‘A230-BOIN.Rmd’
    
    Error: Vignette re-building failed.
    Execution halted
Flavor: r-oldrel-macos-x86_64