CRAN Package Check Results for Package eseis

Last updated on 2022-05-27 22:51:54 CEST.

Flavor Version Tinstall Tcheck Ttotal Status Flags
r-devel-linux-x86_64-debian-clang 0.6.0 61.20 233.38 294.58 OK
r-devel-linux-x86_64-debian-gcc 0.6.0 47.71 172.70 220.41 OK
r-devel-linux-x86_64-fedora-clang 0.6.0 386.83 NOTE
r-devel-linux-x86_64-fedora-gcc 0.6.0 366.40 NOTE
r-devel-windows-x86_64 0.6.0 269.00 267.00 536.00 OK
r-patched-linux-x86_64 0.6.0 59.04 219.16 278.20 OK
r-release-linux-x86_64 0.6.0 54.76 218.70 273.46 OK
r-release-macos-arm64 0.6.0 80.00 NOTE
r-release-macos-x86_64 0.6.0 158.00 NOTE
r-release-windows-x86_64 0.6.0 272.00 313.00 585.00 OK
r-oldrel-macos-arm64 0.6.0 114.00 NOTE
r-oldrel-macos-x86_64 0.6.0 112.00 NOTE
r-oldrel-windows-ix86+x86_64 0.6.0 139.00 361.00 500.00 OK

Check Details

Version: 0.6.0
Check: dependencies in R code
Result: NOTE
    Namespaces in Imports field not imported from:
     ‘EMMAgeo’ ‘limSolve’ ‘shinyFiles’
     All declared Imports should be used.
Flavors: r-devel-linux-x86_64-fedora-clang, r-devel-linux-x86_64-fedora-gcc, r-release-macos-arm64, r-release-macos-x86_64, r-oldrel-macos-arm64, r-oldrel-macos-x86_64