CRAN Package Check Results for Package estimability

Last updated on 2022-01-26 22:54:48 CET.

Flavor Version Tinstall Tcheck Ttotal Status Flags
r-devel-linux-x86_64-debian-clang 1.3 1.66 31.21 32.87 NOTE
r-devel-linux-x86_64-debian-gcc 1.3 1.47 24.47 25.94 NOTE
r-devel-linux-x86_64-fedora-clang 1.3 40.99 NOTE
r-devel-linux-x86_64-fedora-gcc 1.3 29.99 NOTE
r-devel-windows-x86_64-new-UL 1.3 42.00 54.00 96.00 NOTE
r-devel-windows-x86_64-new-TK 1.3 NOTE
r-patched-linux-x86_64 1.3 1.98 30.07 32.05 NOTE
r-release-linux-x86_64 1.3 1.82 29.42 31.24 NOTE
r-release-macos-arm64 1.3 NOTE
r-release-macos-x86_64 1.3 NOTE
r-release-windows-ix86+x86_64 1.3 6.00 28.00 34.00 NOTE
r-oldrel-macos-x86_64 1.3 OK
r-oldrel-windows-ix86+x86_64 1.3 5.00 30.00 35.00 OK

Check Details

Version: 1.3
Check: LazyData
Result: NOTE
     'LazyData' is specified without a 'data' directory
Flavors: r-devel-linux-x86_64-debian-clang, r-devel-linux-x86_64-debian-gcc, r-devel-linux-x86_64-fedora-clang, r-devel-linux-x86_64-fedora-gcc, r-devel-windows-x86_64-new-UL, r-devel-windows-x86_64-new-TK, r-patched-linux-x86_64, r-release-linux-x86_64, r-release-macos-arm64, r-release-macos-x86_64, r-release-windows-ix86+x86_64