CRAN Package Check Results for Package etree

Last updated on 2024-02-22 23:14:00 CET.

Flavor Version Tinstall Tcheck Ttotal Status Flags
r-devel-linux-x86_64-debian-clang 0.1.0 NOTE
r-devel-linux-x86_64-debian-gcc 0.1.0 12.02 325.07 337.09 NOTE
r-devel-linux-x86_64-fedora-clang 0.1.0 506.37 OK
r-devel-linux-x86_64-fedora-gcc 0.1.0 563.44 OK
r-devel-windows-x86_64 0.1.0 13.00 294.00 307.00 OK
r-patched-linux-x86_64 0.1.0 10.20 431.59 441.79 OK
r-release-linux-x86_64 0.1.0 11.51 422.82 434.33 OK
r-release-macos-arm64 0.1.0 194.00 OK
r-release-macos-x86_64 0.1.0 316.00 NOTE
r-release-windows-x86_64 0.1.0 18.00 415.00 433.00 OK
r-oldrel-macos-arm64 0.1.0 154.00 OK
r-oldrel-windows-x86_64 0.1.0 19.00 409.00 428.00 OK

Check Details

Version: 0.1.0
Check: Rd files
Result: NOTE checkRd: (-1) data_cls.Rd:24: Lost braces 24 | \item Graphs: Erd\"{o}s-R\'{e}nyi graphs with connection probability 0.10 for | ^ checkRd: (-1) data_cls.Rd:24: Lost braces 24 | \item Graphs: Erd\"{o}s-R\'{e}nyi graphs with connection probability 0.10 for | ^ checkRd: (-1) data_reg.Rd:21: Lost braces 21 | \item Graphs: Erd\"{o}s-R\'{e}nyi graphs with connection probability given by | ^ checkRd: (-1) data_reg.Rd:21: Lost braces 21 | \item Graphs: Erd\"{o}s-R\'{e}nyi graphs with connection probability given by | ^ Flavors: r-devel-linux-x86_64-debian-clang, r-devel-linux-x86_64-debian-gcc

Version: 0.1.0
Check: installed package size
Result: NOTE installed size is 5.4Mb sub-directories of 1Mb or more: data 4.8Mb Flavor: r-release-macos-x86_64