Last updated on 2022-05-27 22:51:55 CEST.
Flavor | Version | Tinstall | Tcheck | Ttotal | Status | Flags |
---|---|---|---|---|---|---|
r-devel-linux-x86_64-debian-clang | 0.2-9 | 44.05 | 339.41 | 383.46 | OK | |
r-devel-linux-x86_64-debian-gcc | 0.2-9 | 33.84 | 239.15 | 272.99 | OK | |
r-devel-linux-x86_64-fedora-clang | 0.2-9 | 438.30 | NOTE | |||
r-devel-linux-x86_64-fedora-gcc | 0.2-9 | 432.42 | OK | |||
r-devel-windows-x86_64 | 0.2-9 | 72.00 | 360.00 | 432.00 | OK | |
r-patched-linux-x86_64 | 0.2-9 | 42.09 | 319.06 | 361.15 | OK | |
r-release-linux-x86_64 | 0.2-9 | 40.15 | 310.55 | 350.70 | OK | |
r-release-macos-arm64 | 0.2-9 | 104.00 | OK | |||
r-release-macos-x86_64 | 0.2-9 | 185.00 | OK | |||
r-release-windows-x86_64 | 0.2-9 | 76.00 | 368.00 | 444.00 | OK | |
r-oldrel-macos-arm64 | 0.2-9 | 111.00 | OK | |||
r-oldrel-macos-x86_64 | 0.2-9 | 149.00 | OK | |||
r-oldrel-windows-ix86+x86_64 | 0.2-9 | 105.00 | 619.00 | 724.00 | OK |
Version: 0.2-9
Check: Rd cross-references
Result: NOTE
Undeclared package ‘PHENIX’ in Rd xrefs
Flavor: r-devel-linux-x86_64-fedora-clang