CRAN Package Check Results for Package exactci

Last updated on 2022-01-25 22:56:55 CET.

Flavor Version Tinstall Tcheck Ttotal Status Flags
r-devel-linux-x86_64-debian-clang 1.4-2 2.99 47.90 50.89 OK
r-devel-linux-x86_64-debian-gcc 1.4-2 3.75 37.78 41.53 OK
r-devel-linux-x86_64-fedora-clang 1.4-2 65.29 NOTE
r-devel-linux-x86_64-fedora-gcc 1.4-2 54.92 OK
r-devel-windows-x86_64-new-UL 1.4-2 28.00 77.00 105.00 OK
r-devel-windows-x86_64-new-TK 1.4-2 OK
r-patched-linux-x86_64 1.4-2 7.15 46.59 53.74 OK
r-release-linux-x86_64 1.4-2 3.06 46.48 49.54 OK
r-release-macos-arm64 1.4-2 OK
r-release-macos-x86_64 1.4-2 OK
r-release-windows-ix86+x86_64 1.4-2 8.00 58.00 66.00 OK
r-oldrel-macos-x86_64 1.4-2 OK
r-oldrel-windows-ix86+x86_64 1.4-2 10.00 58.00 68.00 OK

Check Details

Version: 1.4-2
Check: Rd cross-references
Result: NOTE
    Undeclared package ‘exact2x2’ in Rd xrefs
Flavor: r-devel-linux-x86_64-fedora-clang