CRAN Package Check Results for Package exif

Last updated on 2022-07-05 22:50:22 CEST.

Flavor Version Tinstall Tcheck Ttotal Status Flags
r-devel-linux-x86_64-debian-clang 0.1.0 21.15 28.02 49.17 OK
r-devel-linux-x86_64-debian-gcc 0.1.0 17.89 21.97 39.86 OK
r-devel-linux-x86_64-fedora-clang 0.1.0 79.06 NOTE
r-devel-linux-x86_64-fedora-gcc 0.1.0 74.23 NOTE
r-patched-linux-x86_64 0.1.0 21.12 28.81 49.93 OK
r-release-linux-x86_64 0.1.0 18.19 27.80 45.99 OK
r-release-macos-arm64 0.1.0 22.00 OK
r-release-macos-x86_64 0.1.0 32.00 OK
r-oldrel-macos-arm64 0.1.0 28.00 OK
r-oldrel-macos-x86_64 0.1.0 42.00 OK

Check Details

Version: 0.1.0
Check: compiled code
Result: NOTE
    File ‘exif/libs/exif.so’:
     Found no calls to: ‘R_registerRoutines’, ‘R_useDynamicSymbols’
    
    It is good practice to register native routines and to disable symbol
    search.
    
    See ‘Writing portable packages’ in the ‘Writing R Extensions’ manual.
Flavors: r-devel-linux-x86_64-fedora-clang, r-devel-linux-x86_64-fedora-gcc