Last updated on 2022-05-24 22:50:06 CEST.
Flavor | Version | Tinstall | Tcheck | Ttotal | Status | Flags |
---|---|---|---|---|---|---|
r-devel-linux-x86_64-debian-clang | 3042.84 | 8.42 | 95.97 | 104.39 | NOTE | |
r-devel-linux-x86_64-debian-gcc | 3042.84 | 6.75 | 72.73 | 79.48 | NOTE | |
r-devel-linux-x86_64-fedora-clang | 3042.84 | 126.42 | NOTE | |||
r-devel-linux-x86_64-fedora-gcc | 3042.84 | 124.19 | NOTE | |||
r-devel-windows-x86_64 | 3042.84 | 37.00 | 111.00 | 148.00 | NOTE | |
r-patched-linux-x86_64 | 3042.84 | 9.76 | 92.31 | 102.07 | NOTE | |
r-release-linux-x86_64 | 3042.84 | NOTE | ||||
r-release-macos-arm64 | 3042.84 | 36.00 | NOTE | |||
r-release-macos-x86_64 | 3042.84 | 49.00 | NOTE | |||
r-release-windows-x86_64 | 3042.84 | 33.00 | 108.00 | 141.00 | NOTE | |
r-oldrel-macos-arm64 | 3042.84 | 44.00 | NOTE | |||
r-oldrel-macos-x86_64 | 3042.84 | 59.00 | NOTE | |||
r-oldrel-windows-ix86+x86_64 | 3042.84 | 24.00 | 105.00 | 129.00 | NOTE |
Version: 3042.84
Check: LazyData
Result: NOTE
'LazyData' is specified without a 'data' directory
Flavors: r-devel-linux-x86_64-debian-clang, r-devel-linux-x86_64-debian-gcc, r-devel-linux-x86_64-fedora-clang, r-devel-linux-x86_64-fedora-gcc, r-devel-windows-x86_64, r-patched-linux-x86_64, r-release-linux-x86_64, r-release-macos-arm64, r-release-macos-x86_64, r-release-windows-x86_64, r-oldrel-macos-arm64, r-oldrel-macos-x86_64, r-oldrel-windows-ix86+x86_64