CRAN Package Check Results for Package fGarch

Last updated on 2022-01-21 23:01:49 CET.

Flavor Version Tinstall Tcheck Ttotal Status Flags
r-devel-linux-x86_64-debian-clang 3042.83.2 11.27 95.42 106.69 OK
r-devel-linux-x86_64-debian-gcc 3042.83.2 10.33 88.72 99.05 OK
r-devel-linux-x86_64-fedora-clang 3042.83.2 130.61 NOTE
r-devel-linux-x86_64-fedora-gcc 3042.83.2 127.10 NOTE
r-devel-windows-x86_64-new-UL 3042.83.2 61.00 180.00 241.00 OK
r-devel-windows-x86_64-new-TK 3042.83.2 OK
r-patched-linux-x86_64 3042.83.2 14.36 92.90 107.26 OK
r-release-linux-x86_64 3042.83.2 11.95 93.48 105.43 OK
r-release-macos-arm64 3042.83.2 OK
r-release-macos-x86_64 3042.83.2 OK
r-release-windows-ix86+x86_64 3042.83.2 26.00 155.00 181.00 OK
r-oldrel-macos-x86_64 3042.83.2 OK
r-oldrel-windows-ix86+x86_64 3042.83.2 25.00 156.00 181.00 OK

Check Details

Version: 3042.83.2
Check: compiled code
Result: NOTE
    File ‘fGarch/libs/fGarch.so’:
     Found no calls to: ‘R_registerRoutines’, ‘R_useDynamicSymbols’
    
    It is good practice to register native routines and to disable symbol
    search.
    
    See ‘Writing portable packages’ in the ‘Writing R Extensions’ manual.
Flavors: r-devel-linux-x86_64-fedora-clang, r-devel-linux-x86_64-fedora-gcc