CRAN Package Check Results for Package fMultivar

Last updated on 2022-01-27 23:01:02 CET.

Flavor Version Tinstall Tcheck Ttotal Status Flags
r-devel-linux-x86_64-debian-clang 3042.80.1 5.70 84.80 90.50 NOTE
r-devel-linux-x86_64-debian-gcc 3042.80.1 5.36 63.91 69.27 NOTE
r-devel-linux-x86_64-fedora-clang 3042.80.1 104.52 NOTE
r-devel-linux-x86_64-fedora-gcc 3042.80.1 97.28 NOTE
r-devel-windows-x86_64-new-UL 3042.80.1 45.00 112.00 157.00 NOTE
r-devel-windows-x86_64-new-TK 3042.80.1 NOTE
r-patched-linux-x86_64 3042.80.1 6.78 77.30 84.08 NOTE
r-release-linux-x86_64 3042.80.1 5.75 77.42 83.17 NOTE
r-release-macos-arm64 3042.80.1 NOTE
r-release-macos-x86_64 3042.80.1 NOTE
r-release-windows-ix86+x86_64 3042.80.1 14.00 93.00 107.00 NOTE
r-oldrel-macos-x86_64 3042.80.1 OK
r-oldrel-windows-ix86+x86_64 3042.80.1 15.00 86.00 101.00 OK

Check Details

Version: 3042.80.1
Check: LazyData
Result: NOTE
     'LazyData' is specified without a 'data' directory
Flavors: r-devel-linux-x86_64-debian-clang, r-devel-linux-x86_64-debian-gcc, r-devel-linux-x86_64-fedora-clang, r-devel-linux-x86_64-fedora-gcc, r-devel-windows-x86_64-new-UL, r-devel-windows-x86_64-new-TK, r-patched-linux-x86_64, r-release-linux-x86_64, r-release-macos-arm64, r-release-macos-x86_64, r-release-windows-ix86+x86_64