CRAN Package Check Results for Package fTrading

Last updated on 2022-05-21 22:58:14 CEST.

Flavor Version Tinstall Tcheck Ttotal Status Flags
r-devel-linux-x86_64-debian-clang 3042.79 7.38 67.98 75.36 NOTE
r-devel-linux-x86_64-debian-gcc 3042.79 5.40 51.23 56.63 NOTE
r-devel-linux-x86_64-fedora-clang 3042.79 86.66 NOTE
r-devel-linux-x86_64-fedora-gcc 3042.79 84.64 NOTE
r-devel-windows-x86_64 3042.79 25.00 85.00 110.00 NOTE
r-patched-linux-x86_64 3042.79 5.53 63.08 68.61 NOTE
r-release-linux-x86_64 3042.79 6.33 64.04 70.37 NOTE
r-release-macos-arm64 3042.79 26.00 NOTE
r-release-macos-x86_64 3042.79 36.00 NOTE
r-release-windows-x86_64 3042.79 23.00 80.00 103.00 NOTE
r-oldrel-macos-arm64 3042.79 31.00 NOTE
r-oldrel-macos-x86_64 3042.79 50.00 NOTE
r-oldrel-windows-ix86+x86_64 3042.79 13.00 75.00 88.00 NOTE

Check Details

Version: 3042.79
Check: LazyData
Result: NOTE
     'LazyData' is specified without a 'data' directory
Flavors: r-devel-linux-x86_64-debian-clang, r-devel-linux-x86_64-debian-gcc, r-devel-linux-x86_64-fedora-clang, r-devel-linux-x86_64-fedora-gcc, r-devel-windows-x86_64, r-patched-linux-x86_64, r-release-linux-x86_64, r-release-macos-arm64, r-release-macos-x86_64, r-release-windows-x86_64, r-oldrel-macos-arm64, r-oldrel-macos-x86_64, r-oldrel-windows-ix86+x86_64