CRAN Package Check Results for Package fUnitRoots

Last updated on 2022-01-24 22:56:27 CET.

Flavor Version Tinstall Tcheck Ttotal Status Flags
r-devel-linux-x86_64-debian-clang 3042.79 6.62 65.01 71.63 NOTE
r-devel-linux-x86_64-debian-gcc 3042.79 6.16 50.79 56.95 NOTE
r-devel-linux-x86_64-fedora-clang 3042.79 88.09 NOTE
r-devel-linux-x86_64-fedora-gcc 3042.79 77.83 NOTE
r-devel-windows-x86_64-new-UL 3042.79 39.00 81.00 120.00 NOTE
r-devel-windows-x86_64-new-TK 3042.79 NOTE
r-patched-linux-x86_64 3042.79 7.51 64.00 71.51 NOTE
r-release-linux-x86_64 3042.79 7.27 64.47 71.74 NOTE
r-release-macos-arm64 3042.79 NOTE
r-release-macos-x86_64 3042.79 NOTE
r-release-windows-ix86+x86_64 3042.79 17.00 98.00 115.00 NOTE
r-oldrel-macos-x86_64 3042.79 OK
r-oldrel-windows-ix86+x86_64 3042.79 16.00 93.00 109.00 OK

Check Details

Version: 3042.79
Check: LazyData
Result: NOTE
     'LazyData' is specified without a 'data' directory
Flavors: r-devel-linux-x86_64-debian-clang, r-devel-linux-x86_64-debian-gcc, r-devel-linux-x86_64-fedora-clang, r-devel-linux-x86_64-fedora-gcc, r-devel-windows-x86_64-new-UL, r-devel-windows-x86_64-new-TK, r-patched-linux-x86_64, r-release-linux-x86_64, r-release-macos-arm64, r-release-macos-x86_64, r-release-windows-ix86+x86_64

Version: 3042.79
Check: compiled code
Result: NOTE
    File ‘fUnitRoots/libs/fUnitRoots.so’:
     Found no calls to: ‘R_registerRoutines’, ‘R_useDynamicSymbols’
    
    It is good practice to register native routines and to disable symbol
    search.
    
    See ‘Writing portable packages’ in the ‘Writing R Extensions’ manual.
Flavors: r-devel-linux-x86_64-fedora-clang, r-devel-linux-x86_64-fedora-gcc